{"id":10575,"date":"2026-01-11T06:33:31","date_gmt":"2026-01-11T08:33:31","guid":{"rendered":"https:\/\/www.genealogi.net\/medlem\/?page_id=10575"},"modified":"2026-01-11T06:33:31","modified_gmt":"2026-01-11T08:33:31","slug":"idre-forsamling","status":"publish","type":"page","link":"https:\/\/www.genealogi.net\/nova\/inrikes-pass\/originalhandlingarna\/idre-forsamling\/","title":{"rendered":"Idre f\u00f6rsamling"},"content":{"rendered":"\n<p><strong>Idre f\u00f6rsamling, Kopparbergs l\u00e4n (W)<\/strong><\/p>\n\n\n\n<p>Ur <strong>Idre f\u00f6rsamlings kyrkoarkiv AI<\/strong> &#8211; husf\u00f6rh\u00f6rsl\u00e4ngder<\/p>\n\n\n\n<h3 class=\"wp-block-heading\">Vol 2<\/h3>\n\n\n<table border=\"1\" cellspacing=\"1\" cellpadding=\"1\">\n<tbody>\n<tr>\n<td>1850 utf\u00e4rdade pass<\/td>\n<td>[inrpass_pages_for id=&#8221;ula_idreforsamling_AI_husforhorslangder_vol2_1850_idre_forsamling&#8221;]<\/td>\n<\/tr>\n<\/tbody>\n<\/table>","protected":false},"excerpt":{"rendered":"<p>Idre f\u00f6rsamling, Kopparbergs l\u00e4n (W) Ur Idre f\u00f6rsamlings kyrkoarkiv AI &#8211; husf\u00f6rh\u00f6rsl\u00e4ngder Vol 2 1850 utf\u00e4rdade pass [inrpass_pages_for id=&#8221;ula_idreforsamling_AI_husforhorslangder_vol2_1850_idre_forsamling&#8221;]<\/p>\n","protected":false},"author":2,"featured_media":0,"parent":158,"menu_order":213,"comment_status":"closed","ping_status":"closed","template":"","meta":{"footnotes":""},"class_list":["post-10575","page","type-page","status-publish"],"_links":{"self":[{"href":"https:\/\/www.genealogi.net\/nova\/wp-json\/wp\/v2\/pages\/10575","targetHints":{"allow":["GET"]}}],"collection":[{"href":"https:\/\/www.genealogi.net\/nova\/wp-json\/wp\/v2\/pages"}],"about":[{"href":"https:\/\/www.genealogi.net\/nova\/wp-json\/wp\/v2\/types\/page"}],"author":[{"embeddable":true,"href":"https:\/\/www.genealogi.net\/nova\/wp-json\/wp\/v2\/users\/2"}],"replies":[{"embeddable":true,"href":"https:\/\/www.genealogi.net\/nova\/wp-json\/wp\/v2\/comments?post=10575"}],"version-history":[{"count":0,"href":"https:\/\/www.genealogi.net\/nova\/wp-json\/wp\/v2\/pages\/10575\/revisions"}],"up":[{"embeddable":true,"href":"https:\/\/www.genealogi.net\/nova\/wp-json\/wp\/v2\/pages\/158"}],"wp:attachment":[{"href":"https:\/\/www.genealogi.net\/nova\/wp-json\/wp\/v2\/media?parent=10575"}],"curies":[{"name":"wp","href":"https:\/\/api.w.org\/{rel}","templated":true}]}}