{"id":10751,"date":"2017-07-29T11:36:16","date_gmt":"2017-07-29T09:36:16","guid":{"rendered":"https:\/\/www.genealogi.net\/?page_id=10751"},"modified":"2026-03-07T00:35:16","modified_gmt":"2026-03-06T23:35:16","slug":"arkiv-och-bibliotek","status":"publish","type":"page","link":"https:\/\/www.genealogi.net\/nova\/arkiv-och-bibliotek\/","title":{"rendered":"Arkiv &amp; bibliotek"},"content":{"rendered":"\n<p>Redan fr\u00e5n starten i november 1933 har Genealogiska F\u00f6reningen (GF) arbetat med att bygga upp arkiv och bibliotek av genealogiskt intresse. Idag kallas det ofta f\u00f6r <em>Sl\u00e4ktforskarnas arkiv och bibliotek<\/em>.<\/p>\n\n\n\n<h2 class=\"wp-block-heading\">Arkivet<\/h2>\n\n\n\n<p>Arkivet best\u00e5r totalt av cirka 140 olika samlingar som omfattar cirka 160 hyllmeter \u2013 uppdelat&nbsp;p\u00e5 tv\u00e5 delar:<\/p>\n\n\n\n<ul class=\"wp-block-list\">\n<li><a href=\"https:\/\/www.genealogi.net\/nova\/samlingarna\/arkivet\/genealogiska-foreningens-arkiv\/\">Genealogiska F\u00f6reningens f\u00f6reningsarkiv<\/a> &#8211; i det traditionella f\u00f6reningsarkivet ing\u00e5r \u00e4ven de samlingar av olika slag som skapats i verksamheten. Flera av dessa samlingar \u00e4r idag tillg\u00e4ngliga digitalt efter medlemsinloggning, men de fysiska originalen finns i f\u00f6reningsarkivet. F\u00f6r mer information om det ditala materialet g\u00e5 till <a href=\"https:\/\/www.genealogi.net\/nova\/om-alla-vara-databaser-och-register\/\">Om alla v\u00e5ra digitala register och databaser<\/a>.<\/li>\n\n\n\n<li><a href=\"https:\/\/www.genealogi.net\/nova\/samlingarna\/arkivet\/enskilda-arkiv\/\" target=\"_self\" rel=\"noopener\"><span style=\"color: #0000cd;\">Enskilda arkiv<\/span><\/a> &#8211; enskilda sl\u00e4ktforskares samlingar&nbsp;som sk\u00e4nkts till GF med sl\u00e4ktutredningar mm.<\/li>\n<\/ul>\n\n\n\n<h2 class=\"wp-block-heading\">Biblioteket<\/h2>\n\n\n\n<p>Idag best\u00e5r biblioteket av ett stort antal b\u00f6cker som t\u00e4cker f\u00f6ljande \u00e4mnesomr\u00e5den:<\/p>\n\n\n\n<ul class=\"wp-block-list\">\n<li>Personhistoria \u2013 biografier, memoarer, sl\u00e4ktutredningar<\/li>\n\n\n\n<li>Lokalhistoria \u2013 orter, hembygdslitteratur<\/li>\n\n\n\n<li>Sl\u00e4ktforskningslitteratur \u2013 handb\u00f6cker, l\u00e4rob\u00f6cker i handstilsl\u00e4sning, ordb\u00f6cker f\u00f6r sl\u00e4ktforskare<\/li>\n\n\n\n<li>Matriklar \u2013 universitet, skolor, f\u00f6reningar, yrken (exemplvis pr\u00e4ster)<\/li>\n\n\n\n<li>Hundratals svenska sl\u00e4ktforskarf\u00f6reningars medlemsblad, sorterade landskapsvis, samt m\u00e5nga utl\u00e4ndska sl\u00e4ktforskartidningar<\/li>\n\n\n\n<li>Samh\u00e4llsfr\u00e5gor \u2013 social-, h\u00e4lso- och sjukv\u00e5rd, arbetsliv, politik, f\u00f6rvaltning, kartor, namnlagar, militaria, kulturhistoria, n\u00e4ringsliv<\/li>\n\n\n\n<li>Uppslagsverk.<\/li>\n<\/ul>\n\n\n<div\n\t\t\t\n\t\t\tclass=\"so-widget-sow-button so-widget-sow-button-flat-d26fa316c245\"\n\t\t\t\n\t\t><div class=\"ow-button-base ow-button-align-left\"\n>\n\t\t\t<a\n\t\t\t\t\thref=\"https:\/\/www.genealogi.net\/util\/prod\/gflibris\/hitta\/bibliotek\"\n\t\t\t\t\tclass=\"sowb-button ow-icon-placement-left ow-button-hover\" target=\"_blank\" rel=\"noopener noreferrer\" \t>\n\t\t<span>\n\t\t\t\n\t\t\tS\u00f6k i bibliotekskatalogen\t\t<\/span>\n\t\t\t<\/a>\n\t<\/div>\n<\/div>\n\n\n<p>Bibliotekskatalogen \u00e4r uppdaterad till och med 2025xxyy. D\u00e4refter har f\u00f6ljande nyf\u00f6rv\u00e4rv gjorts:<\/p>\n\n\n\n<ul class=\"wp-block-list\">\n<li><a href=\"https:\/\/www.genealogi.net\/nova\/gfwp\/wp-content\/uploads\/2025\/04\/Nyforvarv-tom-2025-04-12.pdf\">Nyf\u00f6rv\u00e4rv och nyregistrerat i biblioteket fr\u00e5n mars till och med 12 april 2025<\/a><\/li>\n\n\n\n<li><a href=\"https:\/\/www.genealogi.net\/nova\/gfwp\/wp-content\/uploads\/2025\/06\/Nyforvarv-tom-2025-05-31.pdf\">Nyf\u00f6rv\u00e4rv och nyregistrerat i biblioteket fr\u00e5n 13 april till och med 31 maj 2025<\/a><\/li>\n\n\n\n<li><a href=\"https:\/\/www.genealogi.net\/nova\/gfwp\/wp-content\/uploads\/2025\/09\/Nyforvarv-juni-augusti-2025-x.pdf\">Nyf\u00f6rv\u00e4rv och nyregistrerat i biblioteket juni-augusti 2025<\/a><\/li>\n\n\n\n<li><a href=\"https:\/\/www.genealogi.net\/nova\/gfwp\/wp-content\/uploads\/2025\/11\/Nyforvarv-tom-2025-10-31.pdf\">Nyf\u00f6rv\u00e4rv och nyregistrerat i biblioteket oktober 2025<\/a><\/li>\n\n\n\n<li><a href=\"https:\/\/www.genealogi.net\/nova\/gfwp\/wp-content\/uploads\/2025\/12\/Nyforvarv-nov-2025.pdf\">Nyf\u00f6rv\u00e4rv och nyregistrerat i biblioteket november 2025<\/a><\/li>\n\n\n\n<li><a href=\"https:\/\/www.genealogi.net\/nova\/gfwp\/wp-content\/uploads\/2026\/01\/Nyforvarv-tom-2025-12-31.pdf\">Nyf\u00f6rv\u00e4rv och nyregistrerat i biblioteket december 2025<\/a><\/li>\n<\/ul>\n\n\n\n<h2 class=\"wp-block-heading\">Arkiv- och biblioteksgruppen<\/h2>\n\n\n\n<p>Information om de frivilliga som jobbar med arkivet och biblioteket hittar du p\u00e5 sidan <a href=\"https:\/\/www.genealogi.net\/nova\/arkiv-och-biblioteksgrupp\/\">Arkiv- &amp; biblioteksgrupp<\/a>. H\u00e4r finns ocks\u00e5 kontaktinformation. Kontakta oss g\u00e4rna om du vill hj\u00e4lpa till att arbeta med arkivet eller biblioteket.<\/p>\n","protected":false},"excerpt":{"rendered":"<p>Redan fr\u00e5n starten i november 1933 har Genealogiska F\u00f6reningen (GF) arbetat med att bygga upp arkiv och bibliotek av genealogiskt intresse. Idag kallas det ofta f\u00f6r Sl\u00e4ktforskarnas arkiv och bibliotek. Arkivet Arkivet best\u00e5r totalt av cirka 140 olika samlingar som omfattar cirka 160 hyllmeter \u2013 uppdelat&nbsp;p\u00e5 tv\u00e5 delar: Biblioteket Idag best\u00e5r biblioteket av ett stort &#8230; <a title=\"Arkiv &amp; bibliotek\" class=\"read-more\" href=\"https:\/\/www.genealogi.net\/nova\/arkiv-och-bibliotek\/\" aria-label=\"L\u00e4s mer om Arkiv &amp; bibliotek\">L\u00e4s mer<\/a><\/p>\n","protected":false},"author":2,"featured_media":9196,"parent":0,"menu_order":0,"comment_status":"closed","ping_status":"closed","template":"","meta":{"footnotes":""},"class_list":["post-10751","page","type-page","status-publish","has-post-thumbnail"],"_links":{"self":[{"href":"https:\/\/www.genealogi.net\/nova\/wp-json\/wp\/v2\/pages\/10751","targetHints":{"allow":["GET"]}}],"collection":[{"href":"https:\/\/www.genealogi.net\/nova\/wp-json\/wp\/v2\/pages"}],"about":[{"href":"https:\/\/www.genealogi.net\/nova\/wp-json\/wp\/v2\/types\/page"}],"author":[{"embeddable":true,"href":"https:\/\/www.genealogi.net\/nova\/wp-json\/wp\/v2\/users\/2"}],"replies":[{"embeddable":true,"href":"https:\/\/www.genealogi.net\/nova\/wp-json\/wp\/v2\/comments?post=10751"}],"version-history":[{"count":9,"href":"https:\/\/www.genealogi.net\/nova\/wp-json\/wp\/v2\/pages\/10751\/revisions"}],"predecessor-version":[{"id":18589,"href":"https:\/\/www.genealogi.net\/nova\/wp-json\/wp\/v2\/pages\/10751\/revisions\/18589"}],"wp:featuredmedia":[{"embeddable":true,"href":"https:\/\/www.genealogi.net\/nova\/wp-json\/wp\/v2\/media\/9196"}],"wp:attachment":[{"href":"https:\/\/www.genealogi.net\/nova\/wp-json\/wp\/v2\/media?parent=10751"}],"curies":[{"name":"wp","href":"https:\/\/api.w.org\/{rel}","templated":true}]}}