{"id":13796,"date":"2021-06-07T18:00:02","date_gmt":"2021-06-07T16:00:02","guid":{"rendered":"https:\/\/www.genealogi.net\/?page_id=13796"},"modified":"2026-03-15T16:12:31","modified_gmt":"2026-03-15T15:12:31","slug":"registreringsmall","status":"publish","type":"page","link":"https:\/\/www.genealogi.net\/nova\/registreringsmall\/","title":{"rendered":"Registreringsmall f\u00f6r mantalsl\u00e4ngder"},"content":{"rendered":"\n<p><span style=\"font-weight: 400;\">En arbetsgrupp inom GF har under v\u00e5ren 2021 tagit fram hj\u00e4lpmedel f\u00f6r registrering av mantalsl\u00e4ngder, en registreringsmall. Registreringsmallen \u00e4r fri att anv\u00e4nda och \u00e4ndra &nbsp;f\u00f6r icke-kommersiella \u00e4ndam\u00e5l om man anger den ursprungliga upphovsmannen (Genealogiska F\u00f6reningen).<\/span><\/p>\n\n\n\n<p><span style=\"font-weight: 400;\">Mallen ska kunna fungera vid registrering av mantalsl\u00e4ngder p\u00e5 olika geografiska platser och vid olika historiska tidpunkter samt kunna kombineras med motsvarande mallar f\u00f6r annat k\u00e4llmaterial (exempelvis jordeb\u00f6cker och annat kameralt material, kyrkor\u00e4kenskaper, milit\u00e4ra l\u00e4ngder av olika slag etc).&nbsp;<\/span><\/p>\n\n\n\n<p><span style=\"font-weight: 400;\">Med registrering menar vi&nbsp; att man excerperar&nbsp; uppgifter ur k\u00e4llmaterialet \u2013 vid behov med normering \u2013 f\u00f6r&nbsp; att sedan kunna anv\u00e4nda det f\u00f6r sl\u00e4kt- eller bygdeforskning. Syftet \u00e4r inte att rekonstruera husf\u00f6rh\u00f6rsl\u00e4ngder och andra kyrkb\u00f6cker.<\/span><\/p>\n\n\n\n<p>Mallen presenteras fr\u00e4mst som ett <a href=\"https:\/\/www.genealogi.net\/nova\/wp-content\/uploads\/2021\/10\/Registreringsmall-ver-1.00.xlsx\">Excel-kalkylblad<\/a>. Mallen \u00e4r dock mycket enkel och finns ocks\u00e5 som en <a href=\"https:\/\/www.genealogi.net\/nova\/wp-content\/uploads\/2021\/10\/Registreringsmall-ver-1.00.csv\">CSV-fil <\/a>(teckentabell UTF-8). B\u00e5de Excel-filer och CSV-filer kan l\u00e4sas av ett stort antal fria verktyg (s\u00e5v\u00e4l spreadsheet-program som textredigerare). Till registreringsmallen finns \u00e4ven <a href=\"https:\/\/www.genealogi.net\/nova\/wp-content\/uploads\/2026\/03\/Registermallsinstruktion-1.2.pdf\">en manual<\/a>.<\/p>\n\n\n\n<p>I dagsl\u00e4get finns tv\u00e5 introduktionsfilmer. I filmerna anv\u00e4nds ben\u00e4mningar som nu \u00e4r utbytta till \u00bbRegistreringsmall\u00ab. Den kortare finns p\u00e5 v\u00e5r <a href=\"https:\/\/www.youtube.com\/watch?v=--v3BXJha2Y\">\u00d6ppna Youtube kanal<\/a> medan den l\u00e4ngre finns p\u00e5 medlemssidorna bland de inspelade m\u00f6tena (Sl\u00e4ktforskarkaf\u00e9 20 maj 2021).<\/p>\n\n\n<div class=\"wp-block-image\">\n<figure class=\"aligncenter size-large\"><a href=\"https:\/\/www.genealogi.net\/nova\/wp-content\/uploads\/2021\/06\/Namnlost-1.jpg\"><img loading=\"lazy\" decoding=\"async\" width=\"1024\" height=\"429\" src=\"https:\/\/www.genealogi.net\/nova\/wp-content\/uploads\/2021\/06\/Namnlost-1-1024x429.jpg\" alt=\"\" class=\"wp-image-13831\" srcset=\"https:\/\/www.genealogi.net\/nova\/wp-content\/uploads\/2021\/06\/Namnlost-1-1024x429.jpg 1024w, https:\/\/www.genealogi.net\/nova\/wp-content\/uploads\/2021\/06\/Namnlost-1-300x126.jpg 300w, https:\/\/www.genealogi.net\/nova\/wp-content\/uploads\/2021\/06\/Namnlost-1-768x322.jpg 768w, https:\/\/www.genealogi.net\/nova\/wp-content\/uploads\/2021\/06\/Namnlost-1-1536x644.jpg 1536w, https:\/\/www.genealogi.net\/nova\/wp-content\/uploads\/2021\/06\/Namnlost-1-2048x858.jpg 2048w\" sizes=\"auto, (max-width: 1024px) 100vw, 1024px\" \/><\/a><\/figure>\n<\/div>\n\n\n<p>Ovan ett exempel p\u00e5 anv\u00e4ndning av registreringsmallen. Klicka p\u00e5 bilden f\u00f6r b\u00e4ttre uppl\u00f6sning.<\/p>\n\n\n\n<p>Registreringsmallen \u00e4r licensierad under en <a href=\"http:\/\/creativecommons.org\/licenses\/by-nc\/4.0\/\" rel=\"license\">Creative Commons Erk\u00e4nnande-IckeKommersiell 4.0 Internationell licens<\/a>. <a href=\"http:\/\/creativecommons.org\/licenses\/by-nc\/4.0\/\" rel=\"license\"><img decoding=\"async\" style=\"\" src=\"https:\/\/i.creativecommons.org\/l\/by-nc\/4.0\/88x31.png\" alt=\"Creative Commons-licens\"><\/a><\/p>\n\n\n\n<p><br><\/p>\n","protected":false},"excerpt":{"rendered":"<p>En arbetsgrupp inom GF har under v\u00e5ren 2021 tagit fram hj\u00e4lpmedel f\u00f6r registrering av mantalsl\u00e4ngder, en registreringsmall. Registreringsmallen \u00e4r fri att anv\u00e4nda och \u00e4ndra &nbsp;f\u00f6r icke-kommersiella \u00e4ndam\u00e5l om man anger den ursprungliga upphovsmannen (Genealogiska F\u00f6reningen). Mallen ska kunna fungera vid registrering av mantalsl\u00e4ngder p\u00e5 olika geografiska platser och vid olika historiska tidpunkter samt kunna kombineras &#8230; <a title=\"Registreringsmall f\u00f6r mantalsl\u00e4ngder\" class=\"read-more\" href=\"https:\/\/www.genealogi.net\/nova\/registreringsmall\/\" aria-label=\"L\u00e4s mer om Registreringsmall f\u00f6r mantalsl\u00e4ngder\">L\u00e4s mer<\/a><\/p>\n","protected":false},"author":2,"featured_media":0,"parent":0,"menu_order":0,"comment_status":"closed","ping_status":"closed","template":"","meta":{"footnotes":""},"class_list":["post-13796","page","type-page","status-publish"],"_links":{"self":[{"href":"https:\/\/www.genealogi.net\/nova\/wp-json\/wp\/v2\/pages\/13796","targetHints":{"allow":["GET"]}}],"collection":[{"href":"https:\/\/www.genealogi.net\/nova\/wp-json\/wp\/v2\/pages"}],"about":[{"href":"https:\/\/www.genealogi.net\/nova\/wp-json\/wp\/v2\/types\/page"}],"author":[{"embeddable":true,"href":"https:\/\/www.genealogi.net\/nova\/wp-json\/wp\/v2\/users\/2"}],"replies":[{"embeddable":true,"href":"https:\/\/www.genealogi.net\/nova\/wp-json\/wp\/v2\/comments?post=13796"}],"version-history":[{"count":5,"href":"https:\/\/www.genealogi.net\/nova\/wp-json\/wp\/v2\/pages\/13796\/revisions"}],"predecessor-version":[{"id":18891,"href":"https:\/\/www.genealogi.net\/nova\/wp-json\/wp\/v2\/pages\/13796\/revisions\/18891"}],"wp:attachment":[{"href":"https:\/\/www.genealogi.net\/nova\/wp-json\/wp\/v2\/media?parent=13796"}],"curies":[{"name":"wp","href":"https:\/\/api.w.org\/{rel}","templated":true}]}}