{"id":14092,"date":"2021-08-20T23:47:21","date_gmt":"2021-08-20T21:47:21","guid":{"rendered":"https:\/\/www.genealogi.net\/?page_id=14092"},"modified":"2021-08-20T23:47:21","modified_gmt":"2021-08-20T21:47:21","slug":"databaser-med-avskrift-av-kalla","status":"publish","type":"page","link":"https:\/\/www.genealogi.net\/nova\/databaser\/databaser-med-avskrift-av-kalla\/","title":{"rendered":"Databaser med avskrift av k\u00e4lla"},"content":{"rendered":"\n<p><em>Under denna rubrik finner du de av <a href=\"\/nova\/databaser\/\">Genealogiska F\u00f6reningens databaser<\/a> som leder dig fram till en avskrift ur originalhandlingen.<\/em><\/p>\n\n\n\n<p><em>F\u00f6r att f\u00e5 tillg\u00e5ng till databaserna kr\u00e4vs <a href=\"\/nova\/medlemssidor\/#blimedlem\">medlemsskap<\/a> och att du har loggat in p\u00e5 <a href=\"\/nova\/medlem\">medlemssidorna<\/a>, undantaget Historiska marknadsdagar som \u00e4r \u00f6ppen att s\u00f6ka i. Som bes\u00f6kare och icke medlem kan du via l\u00e4nkarna nedan f\u00e5 en grundligare information om varje enskild databas.<\/em><\/p>\n\n\n\n<p><strong><a href=\"https:\/\/www.genealogi.net\/nova\/databaser\/databaser-med-avskrift-av-kalla\/familjenotiser-post-och-inrikes-tidningar-1760-1860\/\">Familjenotiser Post- och Inrikes Tidningar 1760-1860<\/a><em>  <\/em><\/strong>Databasen inneh\u00e5ller 258 000 familjenotiser d\u00e4r efternamn, f\u00f6rnamn, titel, h\u00e4ndelse, datum, \u00e5rg\u00e5ng p\u00e5 tidningen samt tidningens sidnummer har skrivits av. <em>Databasen \u00e4r <a href=\"\/nova\/util\/prod\/arkiv\/bilder\/4\">s\u00f6kbar<\/a> via klickbara l\u00e4nkar inneh\u00e5llande f\u00f6rsta och sista efternamnet p\u00e5 varje sida<\/em>. L\u00e4s mer <a href=\"https:\/\/www.genealogi.net\/nova\/databaser\/databaser-med-avskrift-av-kalla\/familjenotiser-post-och-inrikes-tidningar-1760-1860\/\" data-type=\"page\" data-id=\"14095\">h\u00e4r<\/a>.<\/p>\n\n\n\n<p><strong><a href=\"https:\/\/www.genealogi.net\/nova\/databaser\/databaser-med-avskrift-av-kalla\/familjenotiser-goteborgs-nyheter-1765-1848\/\">Familjenotiser G\u00f6teborgs Nyheter 1765-1845<\/a><\/strong>  Databasern inneh\u00e5ller 35 000 familjenotiser d\u00e4r efternamn, f\u00f6rnamn, titel, h\u00e4ndelse, datum, \u00e5rg\u00e5ng p\u00e5 tidningen samt tidningens sidnummer har skrivits av. <em>Databasen \u00e4r <a href=\"\/nova\/util\/prod\/arkiv\/bilder\/3\">s\u00f6kbar<\/a> via klickbara l\u00e4nkar inneh\u00e5llande f\u00f6rsta och sista efternamnet p\u00e5 varje sida<\/em>. L\u00e4s mer <a href=\"https:\/\/www.genealogi.net\/nova\/databaser\/databaser-med-avskrift-av-kalla\/familjenotiser-lunds-weckoblad-1775-1851\/?preview_id=14101&#038;preview_nonce=584582a1d5&#038;preview=true\">h\u00e4r<\/a>.<\/p>\n\n\n\n<p><strong><a href=\"https:\/\/www.genealogi.net\/nova\/databaser\/databaser-med-avskrift-av-kalla\/familjenotiser-lunds-weckoblad-1775-1851\/?preview_id=14101&#038;preview_nonce=584582a1d5&#038;preview=true\">Familjenotiser Lunds Weckoblad 1775-1830<\/a> <\/strong> Databasen inneh\u00e5ller 13 000 familjenotiser d\u00e4r efternamn, f\u00f6rnamn, titel, h\u00e4ndelse, datum, \u00e5rg\u00e5ng p\u00e5 tidningen samt tidningen sidnummer har skrivits av. <em>Databasen \u00e4r <a href=\"\/nova\/util\/prod\/arkiv\/bilder\/2\">s\u00f6kbar<\/a> via klickbara l\u00e4nkar inneh\u00e5llande f\u00f6rsta och sista efternamnet p\u00e5 varje sida.<\/em> L\u00e4s mer <a href=\"https:\/\/www.genealogi.net\/nova\/databaser\/databaser-med-avskrift-av-kalla\/familjenotiser-lunds-weckoblad-1775-1830\/\" data-type=\"page\" data-id=\"14101\">h\u00e4r<\/a>.<\/p>\n\n\n\n<p><strong><a href=\"https:\/\/www.genealogi.net\/nova\/databaser\/databaser-med-avskrift-av-kalla\/familjenotiser-norrkopings-tidningar-1758-1800\/\">Familjenotiser Norrk\u00f6pings Tidningar 1758-1800<\/a><\/strong>  Databasen inneh\u00e5ller 29 000 familjenotiser d\u00e4r efternamn, f\u00f6rnamn, titel, h\u00e4ndelse, datum, \u00e5rg\u00e5ng p\u00e5 tidningen samt tidningens sidnummer har skrivits av. <em>Databasen \u00e4r <a href=\"\/nova\/util\/prod\/arkiv\/bilder\/6\">s\u00f6kbar<\/a> via klickbara l\u00e4nkar inneh\u00e5llande f\u00f6rsta och sista efternamnet p\u00e5 varje sida.<\/em> L\u00e4s mer <a href=\"https:\/\/www.genealogi.net\/nova\/databaser\/databaser-med-avskrift-av-kalla\/familjenotiser-norrkopings-tidningar-1758-1800\/\" data-type=\"page\" data-id=\"14104\">h\u00e4r<\/a>.<\/p>\n\n\n\n<p><strong><a href=\"https:\/\/www.genealogi.net\/nova\/databaser\/databaser-med-avskrift-av-kalla\/dodsnotiser-stockholms-weckoblad-1745-1776\/\">D\u00f6dsnotiser Stockholms Weckoblad 1745-1776<\/a><\/strong>  Databasen inneh\u00e5ller 40 000 poster d\u00e4r efternamn, f\u00f6rnamn, titel, eventuell sl\u00e4ktskap till den avlidne, f\u00f6rsamling i Stockholm, d\u00f6d f\u00f6re (datum) samt \u00e5rg\u00e5ng och nummer p\u00e5 tidningen har skrivits av. <em>Registrering p\u00e5 individniv\u00e5 p\u00e5g\u00e5r och en stor del av databasen \u00e4r <a href=\"\/nova\/util\/prod\/gflibris\/hitta\/stockholmsweckoblad\">s\u00f6kbar<\/a> i ett s\u00f6kprogram. Antal registrerade poster redovisas i r\u00e4kneverk p\u00e5 hemsidan.<\/em> L\u00e4s mer <a href=\"https:\/\/www.genealogi.net\/nova\/databaser\/databaser-med-avskrift-av-kalla\/dodsnotiser-stockholms-weckoblad-1745-1776\/\" data-type=\"page\" data-id=\"14107\">h\u00e4r<\/a>.<\/p>\n\n\n\n<p><strong><a href=\"https:\/\/www.genealogi.net\/nova\/databaser\/databaser-med-avskrift-av-kalla\/skilda-i-stockholm-1794-1916\/\">Skilda i Stockholm 1794-1916<\/a><\/strong>  Databasen inneh\u00e5ller 14 440 poster fr\u00e5n 7 220 skilsm\u00e4ssor i Stockholms stad, d\u00e4r efternamn, f\u00f6rnamn p\u00e5 b\u00e5da parter, mannens titel samt skilsm\u00e4ssans beslutsdatum har skrivits av. K\u00e4llan \u00e4r protokoll i Stockholms stads konsistories arkiv. <em>Databasen \u00e4r f\u00e4rdigregistrerad och posterna <a href=\"\/nova\/util\/prod\/gflibris\/hitta\/skilda\">s\u00f6kbara i s\u00f6kprogram<\/a><\/em>. L\u00e4s mer <a href=\"https:\/\/www.genealogi.net\/nova\/databaser\/databaser-med-avskrift-av-kalla\/skilda-i-stockholm-1794-1916\/\" data-type=\"page\" data-id=\"14110\">h\u00e4r<\/a>.<\/p>\n\n\n\n<p><strong><a href=\"https:\/\/www.genealogi.net\/nova\/databaser\/databaser-med-avskrift-av-kalla\/historiska-marknadsdagar\/\">Historiska marknadsdagar<\/a><\/strong> H\u00e4r kan du s\u00f6ka p\u00e5 marknadsplatser f\u00f6rr och marknadsdagar f\u00f6rr. Du s\u00f6ker via en nordenkarta som du zoomar in p\u00e5 och klickar dig vidare, eller direkt i databasen d\u00e4r du kan s\u00f6ka p\u00e5 namn, datum, l\u00e4n med mera.<\/p>\n","protected":false},"excerpt":{"rendered":"<p>Under denna rubrik finner du de av Genealogiska F\u00f6reningens databaser som leder dig fram till en avskrift ur originalhandlingen. F\u00f6r att f\u00e5 tillg\u00e5ng till databaserna kr\u00e4vs medlemsskap och att du har loggat in p\u00e5 medlemssidorna, undantaget Historiska marknadsdagar som \u00e4r \u00f6ppen att s\u00f6ka i. Som bes\u00f6kare och icke medlem kan du via l\u00e4nkarna nedan f\u00e5 &#8230; <a title=\"Databaser med avskrift av k\u00e4lla\" class=\"read-more\" href=\"https:\/\/www.genealogi.net\/nova\/databaser\/databaser-med-avskrift-av-kalla\/\" aria-label=\"L\u00e4s mer om Databaser med avskrift av k\u00e4lla\">L\u00e4s mer<\/a><\/p>\n","protected":false},"author":2,"featured_media":0,"parent":14019,"menu_order":40,"comment_status":"closed","ping_status":"closed","template":"","meta":{"footnotes":""},"class_list":["post-14092","page","type-page","status-publish"],"_links":{"self":[{"href":"https:\/\/www.genealogi.net\/nova\/wp-json\/wp\/v2\/pages\/14092","targetHints":{"allow":["GET"]}}],"collection":[{"href":"https:\/\/www.genealogi.net\/nova\/wp-json\/wp\/v2\/pages"}],"about":[{"href":"https:\/\/www.genealogi.net\/nova\/wp-json\/wp\/v2\/types\/page"}],"author":[{"embeddable":true,"href":"https:\/\/www.genealogi.net\/nova\/wp-json\/wp\/v2\/users\/2"}],"replies":[{"embeddable":true,"href":"https:\/\/www.genealogi.net\/nova\/wp-json\/wp\/v2\/comments?post=14092"}],"version-history":[{"count":0,"href":"https:\/\/www.genealogi.net\/nova\/wp-json\/wp\/v2\/pages\/14092\/revisions"}],"up":[{"embeddable":true,"href":"https:\/\/www.genealogi.net\/nova\/wp-json\/wp\/v2\/pages\/14019"}],"wp:attachment":[{"href":"https:\/\/www.genealogi.net\/nova\/wp-json\/wp\/v2\/media?parent=14092"}],"curies":[{"name":"wp","href":"https:\/\/api.w.org\/{rel}","templated":true}]}}