{"id":14110,"date":"2021-08-21T00:00:09","date_gmt":"2021-08-20T22:00:09","guid":{"rendered":"https:\/\/www.genealogi.net\/?page_id=14110"},"modified":"2021-08-21T00:00:09","modified_gmt":"2021-08-20T22:00:09","slug":"skilda-i-stockholm-1794-1916","status":"publish","type":"page","link":"https:\/\/www.genealogi.net\/nova\/databaser\/databaser-med-avskrift-av-kalla\/skilda-i-stockholm-1794-1916\/","title":{"rendered":"Skilda i Stockholm 1794-1916"},"content":{"rendered":"\n<p><strong><em>Denna databas finns s\u00f6kbar p\u00e5 medlemssidorna<\/em><\/strong><\/p>\n\n\n\n<p class=\"has-normal-font-size\"><em>Databasen inneh\u00e5ller namnet p\u00e5 14\u00a0400 personer som under de \u00e5r som perioden omfattar beviljades skilsm\u00e4ssa i Stockholms stad.<\/em><\/p>\n\n\n\n<p>En s\u00f6ktr\u00e4ff ger dig uppgift om efternamn, f\u00f6rnamn, titel och beslutsdataum f\u00f6r skilsm\u00e4ssan. S\u00f6ktr\u00e4ffen ger dig ocks\u00e5 en ing\u00e5ng till originalhandlingarna, protokoll r\u00f6rande skilsm\u00e4ssor i Stockholms stads konsistories arkiv, vilka f\u00f6rvaras p\u00e5 Stockholms stadsarkiv.<\/p>\n\n\n\n<div class=\"wp-block-group\"><div class=\"wp-block-group__inner-container is-layout-flow wp-block-group-is-layout-flow\">\n<div class=\"wp-block-image\"><figure class=\"aligncenter size-large is-resized\"><a href=\"https:\/\/www.genealogi.net\/nova\/medlem\/wp-content\/uploads\/2021\/09\/Skarmavbild-2021-09-07-kl.-16.49.37.png\"><img loading=\"lazy\" decoding=\"async\" src=\"https:\/\/www.genealogi.net\/nova\/medlem\/wp-content\/uploads\/2021\/09\/Skarmavbild-2021-09-07-kl.-16.49.37.png\" alt=\"\" class=\"wp-image-8683\" width=\"629\" height=\"236\" srcset=\"https:\/\/www.genealogi.net\/nova\/wp-content\/uploads\/2021\/09\/Skarmavbild-2021-09-07-kl.-16.49.37.png 785w, https:\/\/www.genealogi.net\/nova\/wp-content\/uploads\/2021\/09\/Skarmavbild-2021-09-07-kl.-16.49.37-300x113.png 300w, https:\/\/www.genealogi.net\/nova\/wp-content\/uploads\/2021\/09\/Skarmavbild-2021-09-07-kl.-16.49.37-768x289.png 768w\" sizes=\"auto, (max-width: 629px) 100vw, 629px\" \/><\/a><\/figure><\/div>\n<\/div><\/div>\n\n\n\n<p>F\u00f6r de skilsm\u00e4ssor som har flera beslutsdatum \u00e4r det sista det slutgiltiga skilsm\u00e4ssodatumet. Ikrafttr\u00e4dandedatum brukade vara ungef\u00e4r en vecka senare. \u00c4ven trolovningar kr\u00e4vde f\u00f6rr ett avslut genom en protokollf\u00f6rd skilsm\u00e4ssa.<\/p>\n\n\n\n<p>Grunden till databasen \u00e4r ett register som uppr\u00e4ttades 1947-1949 inom ramen f\u00f6r ett<br \/>arbetsmarknadsprojekt i Genealogiska F\u00f6reningens regi.<\/p>\n\n\n\n<p>F\u00f6rsamlingarna inom Stockholms stad tillh\u00f6rde under den h\u00e4r perioden Uppsala Stift. Samtidigt hade de ett eget konsistorium, motsvarande ett domkapitel, under ledning av en pastor primarius. Stockholms stift bildades 1 juli 1942.<\/p>\n","protected":false},"excerpt":{"rendered":"<p>Denna databas finns s\u00f6kbar p\u00e5 medlemssidorna Databasen inneh\u00e5ller namnet p\u00e5 14\u00a0400 personer som under de \u00e5r som perioden omfattar beviljades skilsm\u00e4ssa i Stockholms stad. En s\u00f6ktr\u00e4ff ger dig uppgift om efternamn, f\u00f6rnamn, titel och beslutsdataum f\u00f6r skilsm\u00e4ssan. S\u00f6ktr\u00e4ffen ger dig ocks\u00e5 en ing\u00e5ng till originalhandlingarna, protokoll r\u00f6rande skilsm\u00e4ssor i Stockholms stads konsistories arkiv, vilka f\u00f6rvaras &#8230; <a title=\"Skilda i Stockholm 1794-1916\" class=\"read-more\" href=\"https:\/\/www.genealogi.net\/nova\/databaser\/databaser-med-avskrift-av-kalla\/skilda-i-stockholm-1794-1916\/\" aria-label=\"L\u00e4s mer om Skilda i Stockholm 1794-1916\">L\u00e4s mer<\/a><\/p>\n","protected":false},"author":2,"featured_media":0,"parent":14092,"menu_order":60,"comment_status":"closed","ping_status":"closed","template":"","meta":{"footnotes":""},"class_list":["post-14110","page","type-page","status-publish"],"_links":{"self":[{"href":"https:\/\/www.genealogi.net\/nova\/wp-json\/wp\/v2\/pages\/14110","targetHints":{"allow":["GET"]}}],"collection":[{"href":"https:\/\/www.genealogi.net\/nova\/wp-json\/wp\/v2\/pages"}],"about":[{"href":"https:\/\/www.genealogi.net\/nova\/wp-json\/wp\/v2\/types\/page"}],"author":[{"embeddable":true,"href":"https:\/\/www.genealogi.net\/nova\/wp-json\/wp\/v2\/users\/2"}],"replies":[{"embeddable":true,"href":"https:\/\/www.genealogi.net\/nova\/wp-json\/wp\/v2\/comments?post=14110"}],"version-history":[{"count":0,"href":"https:\/\/www.genealogi.net\/nova\/wp-json\/wp\/v2\/pages\/14110\/revisions"}],"up":[{"embeddable":true,"href":"https:\/\/www.genealogi.net\/nova\/wp-json\/wp\/v2\/pages\/14092"}],"wp:attachment":[{"href":"https:\/\/www.genealogi.net\/nova\/wp-json\/wp\/v2\/media?parent=14110"}],"curies":[{"name":"wp","href":"https:\/\/api.w.org\/{rel}","templated":true}]}}