{"id":1528,"date":"2014-11-15T09:02:40","date_gmt":"2014-11-15T11:02:40","guid":{"rendered":"http:\/\/www.genealogi.net\/medlem\/?page_id=1528"},"modified":"2014-11-15T09:02:40","modified_gmt":"2014-11-15T11:02:40","slug":"kongl-majts-pabud-1812","status":"publish","type":"page","link":"https:\/\/www.genealogi.net\/nova\/inrikes-pass\/historik\/kongl-majts-pabud-1812\/","title":{"rendered":"Kongl. Maj:ts p\u00e5bud 1812"},"content":{"rendered":"<p align=\"center\" style=\"background-color: rgb(255, 255, 255); color: rgb(51, 51, 51); font-family: sans-serif, Arial, Verdana, 'Trebuchet MS'; font-size: 13px; line-height: 20px;\">\n\t<a _cke_saved_href=\"https:\/\/www.genealogi.net\/gfwp\/wp-content\/uploads\/2014\/07\/P\u00e5bud-om-pass-1812-1-av-7.jpg\" href=\"https:\/\/www.genealogi.net\/gfwp\/wp-content\/uploads\/2014\/07\/P\u00e5bud-om-pass-1812-1-av-7.jpg\"><img loading=\"lazy\" decoding=\"async\" _cke_saved_src=\"https:\/\/www.genealogi.net\/gfwp\/wp-content\/uploads\/2014\/07\/P\u00e5bud-om-pass-1812-1-av-7-682x1024.jpg\" alt=\"P\u00e5bud om pass 1812 1 (av 7)\" class=\"aligncenter size-large wp-image-5867\" height=\"876\" src=\"https:\/\/www.genealogi.net\/gfwp\/wp-content\/uploads\/2014\/07\/P\u00e5bud-om-pass-1812-1-av-7-682x1024.jpg\" style=\"cursor: default;\" width=\"584\" \/><\/a>\n<\/p>\n<h1 align=\"center\" style=\"background-color: rgb(255, 255, 255); font-weight: normal; line-height: 1.2em; color: rgb(51, 51, 51); font-family: sans-serif, Arial, Verdana, 'Trebuchet MS';\">\n\t&nbsp;<br \/>\n<\/h1>\n<p align=\"center\" style=\"background-color: rgb(255, 255, 255); color: rgb(51, 51, 51); font-family: sans-serif, Arial, Verdana, 'Trebuchet MS'; font-size: 13px; line-height: 20px;\">\n\t<span style=\"font-size: 22px;\">Kongl. Maj:ts<\/span>\n<\/p>\n<p align=\"center\" style=\"background-color: rgb(255, 255, 255); color: rgb(51, 51, 51); font-family: sans-serif, Arial, Verdana, 'Trebuchet MS'; font-size: 13px; line-height: 20px;\">\n\t<span style=\"font-size: 22px;\">N\u00e5diga<\/span>\n<\/p>\n<p align=\"center\" style=\"background-color: rgb(255, 255, 255); color: rgb(51, 51, 51); font-family: sans-serif, Arial, Verdana, 'Trebuchet MS'; font-size: 13px; line-height: 20px;\">\n\t<span style=\"font-size: 22px;\">P\u00e5bud<\/span>\n<\/p>\n<p align=\"center\" style=\"background-color: rgb(255, 255, 255); color: rgb(51, 51, 51); font-family: sans-serif, Arial, Verdana, 'Trebuchet MS'; font-size: 13px; line-height: 20px;\">\n\t<span style=\"font-size: 18px;\">Om Resandes skyldighet, at med beh\u00f6rigt<\/span>\n<\/p>\n<p align=\"center\" style=\"background-color: rgb(255, 255, 255); color: rgb(51, 51, 51); font-family: sans-serif, Arial, Verdana, 'Trebuchet MS'; font-size: 13px; line-height: 20px;\">\n\t<span style=\"font-size: 18px;\">Pass wara f\u00f6rsedde, samt hwad derwid<\/span>\n<\/p>\n<p align=\"center\" style=\"background-color: rgb(255, 255, 255); color: rgb(51, 51, 51); font-family: sans-serif, Arial, Verdana, 'Trebuchet MS'; font-size: 13px; line-height: 20px;\">\n\t<span style=\"font-size: 18px;\">b\u00f6r iakttagas.<\/span>\n<\/p>\n<p align=\"center\" style=\"background-color: rgb(255, 255, 255); color: rgb(51, 51, 51); font-family: sans-serif, Arial, Verdana, 'Trebuchet MS'; font-size: 13px; line-height: 20px;\">\n\t<span style=\"font-size: 18px;\">Gifwet \u00d6rebro Slott den 14 augusti 1812<\/span>\n<\/p>\n<p align=\"center\" style=\"background-color: rgb(255, 255, 255); color: rgb(51, 51, 51); font-family: sans-serif, Arial, Verdana, 'Trebuchet MS'; font-size: 13px; line-height: 20px;\">\n\t&nbsp;\n<\/p>\n<p style=\"background-color: rgb(255, 255, 255); color: rgb(51, 51, 51); font-family: sans-serif, Arial, Verdana, 'Trebuchet MS'; font-size: 13px; line-height: 20px;\">\n\t<span style=\"font-size:14px;\">Wi CARL med Guds N\u00e5de Sweriges, G\u00f6thes och Wendes Konung etc. etc. etc. Arfwinge til Norrige, Hertig til Schleswig Hollstein, etc. etc. G\u00f6re weterligt: At som tid efter annan intr\u00e4ffade h\u00e4ndelser \u00f6fwertygat Oss om n\u00f6dw\u00e4ndigheten af en mera utstr\u00e4ckt och alfwarsam tillsyn \u00f6fwer Resande, \u00e4n hittils i allm\u00e4nhet warit iakttagen; Alts\u00e5 hafve Wi i N\u00e5der ansett n\u00f6digt, at h\u00e4rigenom f\u00f6ljande tils widare stadga och f\u00f6rordna:<\/span>\n<\/p>\n<p style=\"background-color: rgb(255, 255, 255); color: rgb(51, 51, 51); font-family: sans-serif, Arial, Verdana, 'Trebuchet MS'; font-size: 13px; line-height: 20px;\">\n\t&nbsp;\n<\/p>\n<p align=\"center\" style=\"background-color: rgb(255, 255, 255); color: rgb(51, 51, 51); font-family: sans-serif, Arial, Verdana, 'Trebuchet MS'; font-size: 13px; line-height: 20px;\">\n\t<span style=\"font-size:14px;\">1. \u00a7.<\/span>\n<\/p>\n<p style=\"background-color: rgb(255, 255, 255); color: rgb(51, 51, 51); font-family: sans-serif, Arial, Verdana, 'Trebuchet MS'; font-size: 13px; line-height: 20px;\">\n\t<span style=\"font-size:14px;\">&nbsp; &nbsp;&nbsp;&nbsp;&nbsp;&nbsp;&nbsp;&nbsp;&nbsp;&nbsp;&nbsp;&nbsp; En hwar Resande b\u00f6r, h\u00e4danefter wara med wederb\u00f6rligt Pass f\u00f6rsedd, samt skyldig at wid anfordran detsamma uppwisa.<\/span>\n<\/p>\n<p style=\"background-color: rgb(255, 255, 255); color: rgb(51, 51, 51); font-family: sans-serif, Arial, Verdana, 'Trebuchet MS'; font-size: 13px; line-height: 20px;\">\n\t&nbsp;\n<\/p>\n<p align=\"center\" style=\"background-color: rgb(255, 255, 255); color: rgb(51, 51, 51); font-family: sans-serif, Arial, Verdana, 'Trebuchet MS'; font-size: 13px; line-height: 20px;\">\n\t<span style=\"font-size:14px;\">2. \u00a7.<\/span>\n<\/p>\n<p style=\"background-color: rgb(255, 255, 255); color: rgb(51, 51, 51); font-family: sans-serif, Arial, Verdana, 'Trebuchet MS'; font-size: 13px; line-height: 20px;\">\n\t<span style=\"font-size:14px;\">&nbsp; &nbsp; &nbsp; &nbsp; &nbsp; &nbsp;H\u00e4rifr\u00e5n undantages endast Allmogen, som b\u00f6r st\u00e4lla sig f\u00f6rre F\u00f6rfattningar til efterr\u00e4ttelse; s\u00e5 ock de, som til sina personer \u00e4ro allm\u00e4nt k\u00e4nde i den ort, der resan sker.<\/span>\n<\/p>\n<p style=\"background-color: rgb(255, 255, 255); color: rgb(51, 51, 51); font-family: sans-serif, Arial, Verdana, 'Trebuchet MS'; font-size: 13px; line-height: 20px;\">\n\t&nbsp;\n<\/p>\n<p align=\"center\" style=\"background-color: rgb(255, 255, 255); color: rgb(51, 51, 51); font-family: sans-serif, Arial, Verdana, 'Trebuchet MS'; font-size: 13px; line-height: 20px;\">\n\t<span style=\"font-size:14px;\">3. \u00a7.<\/span>\n<\/p>\n<p style=\"background-color: rgb(255, 255, 255); color: rgb(51, 51, 51); font-family: sans-serif, Arial, Verdana, 'Trebuchet MS'; font-size: 13px; line-height: 20px;\">\n\t<span style=\"font-size:14px;\">&nbsp;&nbsp;&nbsp;&nbsp;&nbsp;&nbsp;&nbsp;&nbsp;&nbsp;&nbsp;&nbsp; Antr\u00e4ffas n\u00e5gon, som b\u00f6r innehafwa Pass, men ej kan detsamma upwisa, eller finnes han wara stadd \u00e5 w\u00e4g til annan Ort, \u00e4n Passet inneh\u00e5ller, eller \u00e4r den i Passet best\u00e4mda tiden til \u00e4nda lupen, och kunna icke trow\u00e4rdige Personer i Orten intyga, at han \u00e4r w\u00e4l k\u00e4nd, skal han anh\u00e5llas och genast beledsagas till W\u00e5r Befallningshafwande, om han p\u00e5 st\u00e4llet \u00e4r, eller ock til Borgm\u00e4staren i Staden eller n\u00e4rmaste Kronobetjent p\u00e5 Landet, som p\u00e5 tjenligt s\u00e4tt f\u00f6ranstaltar, at han warder till W\u00e5r Befallningshafwande \u00f6fwerlemnad med Rapport om f\u00f6rh\u00e5llandet; \u00c4gande W\u00e5r Befallningshafwande sedermera med honom f\u00f6rfara efter F\u00f6rfattningar och f\u00f6rekommande omst\u00e4ndigheter. Den kostnad, som wid dessa tilf\u00e4llen \u00e5tg\u00e5r til skjuts och Kronobetjeningens tractamente, b\u00f6r af den anh\u00e5llne Resande godtg\u00f6ras, hwarom W\u00e5r Befallningshafwande f\u00f6rordnar.<\/span>\n<\/p>\n<p style=\"background-color: rgb(255, 255, 255); color: rgb(51, 51, 51); font-family: sans-serif, Arial, Verdana, 'Trebuchet MS'; font-size: 13px; line-height: 20px;\">\n\t&nbsp;\n<\/p>\n<p align=\"center\" style=\"background-color: rgb(255, 255, 255); color: rgb(51, 51, 51); font-family: sans-serif, Arial, Verdana, 'Trebuchet MS'; font-size: 13px; line-height: 20px;\">\n\t<span style=\"font-size:14px;\">4. \u00a7.<\/span>\n<\/p>\n<p style=\"background-color: rgb(255, 255, 255); color: rgb(51, 51, 51); font-family: sans-serif, Arial, Verdana, 'Trebuchet MS'; font-size: 13px; line-height: 20px;\">\n\t<span style=\"font-size:14px;\">&nbsp;&nbsp;&nbsp;&nbsp;&nbsp;&nbsp;&nbsp;&nbsp;&nbsp;&nbsp;&nbsp; Inga Pass g\u00e4lla, som icke \u00e4ro tryckte, utgifne antingen af W\u00e5r Stats-Minister f\u00f6r Utrikes \u00c4renderne, \u00d6fwer-St\u00e5th\u00e5llaren uti Stockholm, eller W\u00e5re \u00f6frige Befallningshafwande, eller wederb\u00f6rande Magistrater i de St\u00e4der, der Landsh\u00f6fdingarne ej residera; och b\u00f6ra alla Pass wara f\u00f6rsedde med beh\u00f6riga underskrifter och insegel; I f\u00f6lje hwaraf Posterings-Chefer wid Gr\u00e4ntseorterne b\u00f6ra af Landsh\u00f6fdingen i L\u00e4net erh\u00e5lla tillg\u00e5ng p\u00e5 n\u00f6dige Exemplar, at dermed f\u00f6rse s\u00e5 w\u00e4l Utl\u00e4ndske S\u00e4ndebud med deras Betiening, som ock utifr\u00e5n kommande Courierer, och andre till Riket inkomne personer, hwilka Posterings-Cheferne \u00e4ga efter f\u00f6rre F\u00f6rfattningar fr\u00e5n sig f\u00f6rpassa.<\/span>\n<\/p>\n<p style=\"background-color: rgb(255, 255, 255); color: rgb(51, 51, 51); font-family: sans-serif, Arial, Verdana, 'Trebuchet MS'; font-size: 13px; line-height: 20px;\">\n\t<span style=\"font-size:14px;\">&nbsp;&nbsp;&nbsp;&nbsp;&nbsp;&nbsp;&nbsp;&nbsp;&nbsp;&nbsp;&nbsp; F\u00f6r Soldater, som f\u00e5 permission, g\u00e4lla de tryckta Pass wederb\u00f6rande Regements-Bef\u00e4lhafware utf\u00e4rda.<\/span>\n<\/p>\n<p style=\"background-color: rgb(255, 255, 255); color: rgb(51, 51, 51); font-family: sans-serif, Arial, Verdana, 'Trebuchet MS'; font-size: 13px; line-height: 20px;\">\n\t&nbsp;\n<\/p>\n<p align=\"center\" style=\"background-color: rgb(255, 255, 255); color: rgb(51, 51, 51); font-family: sans-serif, Arial, Verdana, 'Trebuchet MS'; font-size: 13px; line-height: 20px;\">\n\t<span style=\"font-size:14px;\">5. \u00a7.<\/span>\n<\/p>\n<p style=\"background-color: rgb(255, 255, 255); color: rgb(51, 51, 51); font-family: sans-serif, Arial, Verdana, 'Trebuchet MS'; font-size: 13px; line-height: 20px;\">\n\t<span style=\"font-size:14px;\">&nbsp;&nbsp;&nbsp;&nbsp;&nbsp;&nbsp;&nbsp;&nbsp;&nbsp;&nbsp;&nbsp; Pass skola inneh\u00e5lla den Resandes namn, embete, tjenst eller yrke, st\u00e4llet hwarifr\u00e5n han kommer, w\u00e4gen han skal f\u00e4rdas, den eller de Orter, hwarest han f\u00e5r sig uppeh\u00e5lla och hwartil han \u00e4mnar sig begifwa, samt tiden \u00e5 hwilken Passet g\u00e4llande \u00e4r; Warandes dock wederb\u00f6rande, som Pass utgifwa, till\u00e5tit, at, efter omst\u00e4ndigheterne, men med bibeh\u00e5llande af f\u00f6rre \u00e4nnu g\u00e4llande F\u00f6rfattningars f\u00f6reskrifter, i anseende til wisse personer, mer eller mindre utstr\u00e4cka den Resandes r\u00e4ttighet, at i Riket f\u00e4rdas, samt \u00e4fwen \u00e5t k\u00e4nde och s\u00e4kre Swenske personer meddela s\u00e5dane Pass, som g\u00e4lla f\u00f6r obest\u00e4md tid och f\u00f6r hwad Ort inom Riket, hwarest den Resande sig uppeh\u00e5ller. Wilja flere personer l\u00e5ta anteckna sig i et och samma Pass, b\u00f6r s\u00e5dant icke w\u00e4gras. D\u00e5 Utl\u00e4ndningar, undantagande fr\u00e4mmande S\u00e4ndebud och deras \u00e5tf\u00f6ljande Betjening, f\u00f6rpassas, b\u00f6r i Passet tillika uts\u00e4ttas den Resandes \u00e5lder, samt korrt beskrivning om de hufwuddrag i hans utseende, som g\u00f6ra honom igenk\u00e4nnelig, och hwilket jemv\u00e4l b\u00f6r iakttagas, d\u00e5 Pass warda utf\u00e4rdade f\u00f6r andre personer, som ej \u00e4ro Embets- och Tjenstem\u00e4n, Bofaste eller Borgare.<\/span>\n<\/p>\n<p style=\"background-color: rgb(255, 255, 255); color: rgb(51, 51, 51); font-family: sans-serif, Arial, Verdana, 'Trebuchet MS'; font-size: 13px; line-height: 20px;\">\n\t&nbsp;\n<\/p>\n<p align=\"center\" style=\"background-color: rgb(255, 255, 255); color: rgb(51, 51, 51); font-family: sans-serif, Arial, Verdana, 'Trebuchet MS'; font-size: 13px; line-height: 20px;\">\n\t<span style=\"font-size:14px;\">6. \u00a7.<\/span>\n<\/p>\n<p style=\"background-color: rgb(255, 255, 255); color: rgb(51, 51, 51); font-family: sans-serif, Arial, Verdana, 'Trebuchet MS'; font-size: 13px; line-height: 20px;\">\n\t<span style=\"font-size:14px;\">&nbsp;&nbsp;&nbsp;&nbsp;&nbsp;&nbsp;&nbsp;&nbsp;&nbsp;&nbsp;&nbsp; F\u00f6r Embets- och Tjenstem\u00e4n m\u00e5 Pass icke utf\u00e4rdas, innan de styrkt, at de hafwa tilst\u00e5nd til deras resa af wederb\u00f6rande Chef eller Publike Werk under hwilkas lydno de st\u00e5; \u00e4fwensom hwad f\u00f6r \u00f6frigt redan \u00e4r stadgadt b\u00f6ra iakttagas innan Pass meddelas, skal tjena til efterr\u00e4ttelse.<\/span>\n<\/p>\n<p style=\"background-color: rgb(255, 255, 255); color: rgb(51, 51, 51); font-family: sans-serif, Arial, Verdana, 'Trebuchet MS'; font-size: 13px; line-height: 20px;\">\n\t&nbsp;\n<\/p>\n<p align=\"center\" style=\"background-color: rgb(255, 255, 255); color: rgb(51, 51, 51); font-family: sans-serif, Arial, Verdana, 'Trebuchet MS'; font-size: 13px; line-height: 20px;\">\n\t<span style=\"font-size:14px;\">7. \u00a7.<\/span>\n<\/p>\n<p style=\"background-color: rgb(255, 255, 255); color: rgb(51, 51, 51); font-family: sans-serif, Arial, Verdana, 'Trebuchet MS'; font-size: 13px; line-height: 20px;\">\n\t<span style=\"font-size:14px;\">&nbsp;&nbsp;&nbsp;&nbsp;&nbsp;&nbsp;&nbsp;&nbsp;&nbsp;&nbsp;&nbsp; Wederb\u00f6rande Kronobetjente, Fiscaler och G\u00e4stgifware \u00e5ligger det i synnerhet tilse, at ingen obeh\u00f6rig f\u00e4rdas utan Pass. F\u00e5r s\u00e5dan Resande skjuts p\u00e5 G\u00e4stgifwareg\u00e5rdar eller ock med G\u00e4stgifwares minne fr\u00e5n annat st\u00e4lle, plikte G\u00e4stgifwaren Tjugufem Riksdaler.<\/span>\n<\/p>\n<p style=\"background-color: rgb(255, 255, 255); color: rgb(51, 51, 51); font-family: sans-serif, Arial, Verdana, 'Trebuchet MS'; font-size: 13px; line-height: 20px;\">\n\t&nbsp;\n<\/p>\n<p align=\"center\" style=\"background-color: rgb(255, 255, 255); color: rgb(51, 51, 51); font-family: sans-serif, Arial, Verdana, 'Trebuchet MS'; font-size: 13px; line-height: 20px;\">\n\t<span style=\"font-size:14px;\">8. \u00a7.<\/span>\n<\/p>\n<p style=\"background-color: rgb(255, 255, 255); color: rgb(51, 51, 51); font-family: sans-serif, Arial, Verdana, 'Trebuchet MS'; font-size: 13px; line-height: 20px;\">\n\t<span style=\"font-size:14px;\">&nbsp;&nbsp;&nbsp;&nbsp;&nbsp;&nbsp;&nbsp;&nbsp;&nbsp;&nbsp;&nbsp; Den, som n\u00e5gon person, hwilken bordt innehafwa Pass, men dermed ej \u00e4r f\u00f6rsedd, hos sig d\u00f6ljer eller hyser, utan at genast til wederb\u00f6rande Krono- eller Stadsbetjente eller Upsyningsm\u00e4n derom anm\u00e4lan g\u00f6ra, eller ock honom forslar fr\u00e5n andra st\u00e4llen, \u00e4n G\u00e4stgifwareg\u00e5rd, plikte Tjugufem Riksdaler. Skeppare b\u00f6ra genast wid framkomsten til Stockholm hos Police-Kamaren, til de \u00f6frige St\u00e4derne hos Magistraterne, och \u00e5 Landet hos Kronobetjeningen, anm\u00e4la de Passagerare Skepparen om bord med sig haft. F\u00f6rsummas det, plikte Skepparen Tjugufem Riksdaler, om Passageraren ej innehaft Pass, dermed han bordt wara f\u00f6rsedd, men eljest Sex Riksdaler Tretiotw\u00e5 Skillingar.<\/span>\n<\/p>\n<p style=\"background-color: rgb(255, 255, 255); color: rgb(51, 51, 51); font-family: sans-serif, Arial, Verdana, 'Trebuchet MS'; font-size: 13px; line-height: 20px;\">\n\t&nbsp;\n<\/p>\n<p align=\"center\" style=\"background-color: rgb(255, 255, 255); color: rgb(51, 51, 51); font-family: sans-serif, Arial, Verdana, 'Trebuchet MS'; font-size: 13px; line-height: 20px;\">\n\t<span style=\"font-size:14px;\">9. \u00a7.<\/span>\n<\/p>\n<p style=\"background-color: rgb(255, 255, 255); color: rgb(51, 51, 51); font-family: sans-serif, Arial, Verdana, 'Trebuchet MS'; font-size: 13px; line-height: 20px;\">\n\t<span style=\"font-size:14px;\">&nbsp;&nbsp;&nbsp;&nbsp;&nbsp;&nbsp;&nbsp;&nbsp;&nbsp;&nbsp;&nbsp; D\u00f6ljer eller fortskaffar n\u00e5gon en weterlig brotslig eller efterlyst person, straffes i \u00f6frigt s\u00e4rskildt efter Lag.<\/span>\n<\/p>\n<p style=\"background-color: rgb(255, 255, 255); color: rgb(51, 51, 51); font-family: sans-serif, Arial, Verdana, 'Trebuchet MS'; font-size: 13px; line-height: 20px;\">\n\t&nbsp;\n<\/p>\n<p align=\"center\" style=\"background-color: rgb(255, 255, 255); color: rgb(51, 51, 51); font-family: sans-serif, Arial, Verdana, 'Trebuchet MS'; font-size: 13px; line-height: 20px;\">\n\t<span style=\"font-size:14px;\">10. \u00a7.<\/span>\n<\/p>\n<p style=\"background-color: rgb(255, 255, 255); color: rgb(51, 51, 51); font-family: sans-serif, Arial, Verdana, 'Trebuchet MS'; font-size: 13px; line-height: 20px;\">\n\t<span style=\"font-size:14px;\">&nbsp;&nbsp;&nbsp;&nbsp;&nbsp;&nbsp;&nbsp;&nbsp;&nbsp;&nbsp;&nbsp; De, som Pass utf\u00e4rda, b\u00f6ra inr\u00e4tta en s\u00e4rskild Bok eller Journal, hwaruti inf\u00f6res i columner tiden, d\u00e5 hwarje Pass meddelas, jemte de \u00f6friga omst\u00e4ndigheter, som 5. \u00a7. uptager; B\u00f6randes denne Journal sedan wara at tilg\u00e5, en\u00e4r uplysningar derifr\u00e5n kunna fordras.<\/span>\n<\/p>\n<p style=\"background-color: rgb(255, 255, 255); color: rgb(51, 51, 51); font-family: sans-serif, Arial, Verdana, 'Trebuchet MS'; font-size: 13px; line-height: 20px;\">\n\t&nbsp;\n<\/p>\n<p align=\"center\" style=\"background-color: rgb(255, 255, 255); color: rgb(51, 51, 51); font-family: sans-serif, Arial, Verdana, 'Trebuchet MS'; font-size: 13px; line-height: 20px;\">\n\t<span style=\"font-size:14px;\">11. \u00a7.<\/span>\n<\/p>\n<p style=\"background-color: rgb(255, 255, 255); color: rgb(51, 51, 51); font-family: sans-serif, Arial, Verdana, 'Trebuchet MS'; font-size: 13px; line-height: 20px;\">\n\t<span style=\"font-size:14px;\">&nbsp;&nbsp;&nbsp;&nbsp;&nbsp;&nbsp;&nbsp;&nbsp;&nbsp;&nbsp;&nbsp; I b\u00f6rjan af hwarje m\u00e5nad b\u00f6ra de, som Pass utgifwit, \u00f6fwers\u00e4nda F\u00f6rtekningar der\u00e5 til W\u00e5r JustitieCanzler och den W\u00e5r Befallningshafwande, till hwilkens L\u00e4n den Resande blifwit f\u00f6rpassad at sig uppeh\u00e5lla. Skolande desse F\u00f6rtekningar inneh\u00e5lla om hwarje person hwad 5. \u00a7. f\u00f6reskrifwer.<\/span>\n<\/p>\n<p style=\"background-color: rgb(255, 255, 255); color: rgb(51, 51, 51); font-family: sans-serif, Arial, Verdana, 'Trebuchet MS'; font-size: 13px; line-height: 20px;\">\n\t<span style=\"font-size:14px;\">&nbsp;&nbsp;&nbsp;&nbsp;&nbsp;&nbsp;&nbsp;&nbsp;&nbsp;&nbsp;&nbsp; Posterings-Chefer, som enligt 4. \u00a7. erh\u00e5llit W\u00e5re Befallningshafwandes Pass, at meddela de fr\u00e5n Utrikes Orter til Riket inkommande personer, b\u00f6ra til Landsh\u00f6fdingen i L\u00e4net hwar fjortonde dag \u00f6fwers\u00e4nda F\u00f6rtekning p\u00e5 de personer, \u00e5t hwilka s\u00e5dane Pass blifwit gifne; \u00c4fwensom Magistraterne i St\u00e4derne skola hwarje m\u00e5nad till Landsh\u00f6fdingen i det L\u00e4n, der Staden \u00e4r bel\u00e4gen, ins\u00e4nda F\u00f6rtekningar p\u00e5 de personer Magistraten f\u00f6rpassat.<\/span>\n<\/p>\n<p style=\"background-color: rgb(255, 255, 255); color: rgb(51, 51, 51); font-family: sans-serif, Arial, Verdana, 'Trebuchet MS'; font-size: 13px; line-height: 20px;\">\n\t&nbsp;\n<\/p>\n<p align=\"center\" style=\"background-color: rgb(255, 255, 255); color: rgb(51, 51, 51); font-family: sans-serif, Arial, Verdana, 'Trebuchet MS'; font-size: 13px; line-height: 20px;\">\n\t<span style=\"font-size:14px;\">12. \u00a7.<\/span>\n<\/p>\n<p style=\"background-color: rgb(255, 255, 255); color: rgb(51, 51, 51); font-family: sans-serif, Arial, Verdana, 'Trebuchet MS'; font-size: 13px; line-height: 20px;\">\n\t<span style=\"font-size:14px;\">&nbsp;&nbsp;&nbsp;&nbsp;&nbsp;&nbsp;&nbsp;&nbsp;&nbsp;&nbsp;&nbsp; W\u00e5re Befallningshafwande b\u00f6ra anw\u00e4nda desse erh\u00e5llne F\u00f6rtekningar p\u00e5 s\u00e5dant s\u00e4tt och widtaga de f\u00f6rfattningar hwar inom sit L\u00e4n, at de s\u00e5 fort ske kan, m\u00e5ge upt\u00e4cka om missbruk skedt, samt i s\u00e5dan h\u00e4ndelse genast gifwa det Justitie-Canzleren tilk\u00e4nna.<\/span>\n<\/p>\n<p style=\"background-color: rgb(255, 255, 255); color: rgb(51, 51, 51); font-family: sans-serif, Arial, Verdana, 'Trebuchet MS'; font-size: 13px; line-height: 20px;\">\n\t&nbsp;\n<\/p>\n<p align=\"center\" style=\"background-color: rgb(255, 255, 255); color: rgb(51, 51, 51); font-family: sans-serif, Arial, Verdana, 'Trebuchet MS'; font-size: 13px; line-height: 20px;\">\n\t<span style=\"font-size:14px;\">13. \u00a7.<\/span>\n<\/p>\n<p style=\"background-color: rgb(255, 255, 255); color: rgb(51, 51, 51); font-family: sans-serif, Arial, Verdana, 'Trebuchet MS'; font-size: 13px; line-height: 20px;\">\n\t<span style=\"font-size:14px;\">&nbsp;&nbsp;&nbsp;&nbsp;&nbsp;&nbsp;&nbsp;&nbsp;&nbsp;&nbsp;&nbsp; F\u00f6rsummelse och efterl\u00e5tenhet af wederb\u00f6rande Embets- och Tjenstem\u00e4n at handhafwa denne F\u00f6rfattning, anses s\u00e5som annat tjenstefel.<\/span>\n<\/p>\n<p style=\"background-color: rgb(255, 255, 255); color: rgb(51, 51, 51); font-family: sans-serif, Arial, Verdana, 'Trebuchet MS'; font-size: 13px; line-height: 20px;\">\n\t&nbsp;\n<\/p>\n<p align=\"center\" style=\"background-color: rgb(255, 255, 255); color: rgb(51, 51, 51); font-family: sans-serif, Arial, Verdana, 'Trebuchet MS'; font-size: 13px; line-height: 20px;\">\n\t<span style=\"font-size:14px;\">14. \u00a7.<\/span>\n<\/p>\n<p style=\"background-color: rgb(255, 255, 255); color: rgb(51, 51, 51); font-family: sans-serif, Arial, Verdana, 'Trebuchet MS'; font-size: 13px; line-height: 20px;\">\n\t<span style=\"font-size:14px;\">&nbsp;&nbsp;&nbsp;&nbsp;&nbsp;&nbsp;&nbsp;&nbsp;&nbsp;&nbsp;&nbsp; F\u00f6rbrytelser af enskildte emot hwad h\u00e4r \u00e4r f\u00f6reskrifwit, uptagas af W\u00e5re Befallningshafwande, i likhet med hwad r\u00f6rande Police-m\u00e5l i allm\u00e4nhet \u00e4r stadgadt.<\/span>\n<\/p>\n<p style=\"background-color: rgb(255, 255, 255); color: rgb(51, 51, 51); font-family: sans-serif, Arial, Verdana, 'Trebuchet MS'; font-size: 13px; line-height: 20px;\">\n\t<span style=\"font-size:14px;\">&nbsp;&nbsp;&nbsp;&nbsp;&nbsp;&nbsp;&nbsp;&nbsp;&nbsp;&nbsp;&nbsp; B\u00f6terne blifwa angifwarens eller \u00e5klagarens ensak, och skola i brist af tilg\u00e5ng til deras g\u00e4ldande f\u00f6rwandlas til f\u00e4ngelse, enligt de i Allm\u00e4nna Lagen stadgade grunder.<\/span>\n<\/p>\n<p style=\"background-color: rgb(255, 255, 255); color: rgb(51, 51, 51); font-family: sans-serif, Arial, Verdana, 'Trebuchet MS'; font-size: 13px; line-height: 20px;\">\n\t&nbsp;\n<\/p>\n<p align=\"center\" style=\"background-color: rgb(255, 255, 255); color: rgb(51, 51, 51); font-family: sans-serif, Arial, Verdana, 'Trebuchet MS'; font-size: 13px; line-height: 20px;\">\n\t<span style=\"font-size:14px;\">15. \u00a7.<\/span>\n<\/p>\n<p style=\"background-color: rgb(255, 255, 255); color: rgb(51, 51, 51); font-family: sans-serif, Arial, Verdana, 'Trebuchet MS'; font-size: 13px; line-height: 20px;\">\n\t<span style=\"font-size:14px;\">&nbsp;&nbsp;&nbsp;&nbsp;&nbsp;&nbsp;&nbsp;&nbsp;&nbsp;&nbsp;&nbsp; Efterlefnaden af denna F\u00f6rfattning skal taga sin b\u00f6rjan fjorton dagar efter des kung\u00f6rande \u00e5 Predikstolarne.<\/span>\n<\/p>\n<p style=\"background-color: rgb(255, 255, 255); color: rgb(51, 51, 51); font-family: sans-serif, Arial, Verdana, 'Trebuchet MS'; font-size: 13px; line-height: 20px;\">\n\t&nbsp;\n<\/p>\n<p align=\"center\" style=\"background-color: rgb(255, 255, 255); color: rgb(51, 51, 51); font-family: sans-serif, Arial, Verdana, 'Trebuchet MS'; font-size: 13px; line-height: 20px;\">\n\t<span style=\"font-size:14px;\">16. \u00a7.<\/span>\n<\/p>\n<p style=\"background-color: rgb(255, 255, 255); color: rgb(51, 51, 51); font-family: sans-serif, Arial, Verdana, 'Trebuchet MS'; font-size: 13px; line-height: 20px;\">\n\t<span style=\"font-size:14px;\">&nbsp;&nbsp;&nbsp;&nbsp;&nbsp;&nbsp;&nbsp;&nbsp;&nbsp;&nbsp;&nbsp; I anseende til Utl\u00e4ndske Resande f\u00f6rh\u00e5lles i \u00f6frigt til alla delar efter W\u00e5r N\u00e5diga F\u00f6rordning den 19 Februarii 1811. Det alle, som wederb\u00f6r, hafwe sig h\u00f6rsamligen at efterr\u00e4tta. Til yttermera wisso hafwe Wi detta med Egen Hand underskrifwit, och med W\u00e5rt Kongl. Sigill bekr\u00e4fta l\u00e5tit. \u00d6rebro Slott d. 14 augusti 1812.<\/span>\n<\/p>\n<p align=\"center\" style=\"background-color: rgb(255, 255, 255); color: rgb(51, 51, 51); font-family: sans-serif, Arial, Verdana, 'Trebuchet MS'; font-size: 13px; line-height: 20px;\">\n\t<span style=\"font-size:14px;\">CARL<\/span>\n<\/p>\n<p align=\"center\" style=\"background-color: rgb(255, 255, 255); color: rgb(51, 51, 51); font-family: sans-serif, Arial, Verdana, 'Trebuchet MS'; font-size: 13px; line-height: 20px;\">\n\t<span style=\"font-size:14px;\">(L. S.)<\/span><\/p>\n","protected":false},"excerpt":{"rendered":"<p>&nbsp; Kongl. Maj:ts N\u00e5diga P\u00e5bud Om Resandes skyldighet, at med beh\u00f6rigt Pass wara f\u00f6rsedde, samt hwad derwid b\u00f6r iakttagas. Gifwet \u00d6rebro Slott den 14 augusti 1812 &nbsp; Wi CARL med Guds N\u00e5de Sweriges, G\u00f6thes och Wendes Konung etc. etc. etc. Arfwinge til Norrige, Hertig til Schleswig Hollstein, etc. etc. G\u00f6re weterligt: At som tid efter &#8230; <a title=\"Kongl. Maj:ts p\u00e5bud 1812\" class=\"read-more\" href=\"https:\/\/www.genealogi.net\/nova\/inrikes-pass\/historik\/kongl-majts-pabud-1812\/\" aria-label=\"L\u00e4s mer om Kongl. Maj:ts p\u00e5bud 1812\">L\u00e4s mer<\/a><\/p>\n","protected":false},"author":2,"featured_media":279,"parent":1510,"menu_order":10,"comment_status":"closed","ping_status":"closed","template":"","meta":{"footnotes":""},"class_list":["post-1528","page","type-page","status-publish","has-post-thumbnail"],"_links":{"self":[{"href":"https:\/\/www.genealogi.net\/nova\/wp-json\/wp\/v2\/pages\/1528","targetHints":{"allow":["GET"]}}],"collection":[{"href":"https:\/\/www.genealogi.net\/nova\/wp-json\/wp\/v2\/pages"}],"about":[{"href":"https:\/\/www.genealogi.net\/nova\/wp-json\/wp\/v2\/types\/page"}],"author":[{"embeddable":true,"href":"https:\/\/www.genealogi.net\/nova\/wp-json\/wp\/v2\/users\/2"}],"replies":[{"embeddable":true,"href":"https:\/\/www.genealogi.net\/nova\/wp-json\/wp\/v2\/comments?post=1528"}],"version-history":[{"count":0,"href":"https:\/\/www.genealogi.net\/nova\/wp-json\/wp\/v2\/pages\/1528\/revisions"}],"up":[{"embeddable":true,"href":"https:\/\/www.genealogi.net\/nova\/wp-json\/wp\/v2\/pages\/1510"}],"wp:featuredmedia":[{"embeddable":true,"href":"https:\/\/www.genealogi.net\/nova\/wp-json\/wp\/v2\/media\/279"}],"wp:attachment":[{"href":"https:\/\/www.genealogi.net\/nova\/wp-json\/wp\/v2\/media?parent=1528"}],"curies":[{"name":"wp","href":"https:\/\/api.w.org\/{rel}","templated":true}]}}