{"id":1798,"date":"2013-03-13T01:10:06","date_gmt":"2013-03-12T23:10:06","guid":{"rendered":"http:\/\/www.u2086112.fsdata.se\/gfwp\/?page_id=1798"},"modified":"2013-03-13T01:10:06","modified_gmt":"2013-03-12T23:10:06","slug":"sok-i-gfs-ovriga-samlingar","status":"publish","type":"page","link":"https:\/\/www.genealogi.net\/nova\/a-o\/sok-i-gfs-ovriga-samlingar\/","title":{"rendered":"GFs \u00f6vriga namnregister"},"content":{"rendered":"<div class=\"entry-content\">\n<h1><strong><a href=\"http:\/\/www.genealogi.net\/gfs-ovriga-samlingar-a\/\">A<\/a> <a href=\"http:\/\/www.genealogi.net\/gfs-ovriga-samlingar-b\/\">B<\/a> <a href=\"http:\/\/www.genealogi.net\/gfs-ovriga-samlingar-c\/\">C<\/a> <a href=\"http:\/\/www.genealogi.net\/gfs-ovriga-samlingar-namn-d\/\">D<\/a> <a href=\"http:\/\/www.genealogi.net\/gfs-ovriga-samlingar-namn-e\/ \">E<\/a> <a href=\"http:\/\/www.genealogi.net\/gfs-ovriga-samlingar-namn-f\/ \">F<\/a> <a href=\"http:\/\/www.genealogi.net\/gfs-ovriga-samlingar-namn-g\/\">G<\/a> <a href=\"http:\/\/www.genealogi.net\/gfs-ovriga-samlingar-namn-h\/\">H<\/a> <a href=\"http:\/\/www.genealogi.net\/gfs-ovriga-samlingar-namn-i\/\">I<\/a> <a href=\"http:\/\/www.genealogi.net\/gfs-ovriga-samlingar-namn-j\/\">J<\/a> <a href=\"http:\/\/www.genealogi.net\/gfs-ovriga-samlingar-namn-k\/\">K<\/a> <a href=\"http:\/\/www.genealogi.net\/gfs-ovriga-samlingar-namn-l\/\">L<\/a> <a href=\"http:\/\/www.genealogi.net\/gfs-ovriga-samlingar-namn-m\/\">M<\/a> <a href=\"http:\/\/www.genealogi.net\/gfs-ovriga-samlingar-namn-n\/\">N<\/a> <a href=\"http:\/\/www.genealogi.net\/gfs-ovriga-samlingar-namn-o\/\">O<\/a> <\/strong><\/h1>\n<h1><strong><a href=\"http:\/\/www.genealogi.net\/a-o\/sok-i-gfs-ovriga-samlingar\/gfs-ovriga-samlingar-namn-p\/\">P<\/a> <a href=\"http:\/\/www.genealogi.net\/gfs-ovriga-samlingar-namn-q\/\">Q<\/a> <a href=\"http:\/\/www.genealogi.net\/gfs-ovriga-samlingar-namn-r\/\">R<\/a> <a href=\"http:\/\/www.genealogi.net\/gfs-ovriga-samlingar-namn-s\/\">S<\/a> <a href=\"http:\/\/www.genealogi.net\/gfs-ovriga-samlingar-namn-t\/\">T<\/a> <a href=\"http:\/\/www.genealogi.net\/a-o\/sok-i-gfs-ovriga-samlingar\/gfs-ovriga-samlingar-namn-u\/\">U<\/a> <a href=\"http:\/\/www.genealogi.net\/gfs-ovriga-samlingar-namn-v\/\">V\/W<\/a> X <a href=\"http:\/\/www.genealogi.net\/gfs-ovriga-samlingar-namn-y\/\">Y<\/a> <a href=\"http:\/\/www.genealogi.net\/gfs-ovriga-samlingar-namn-z\/\">Z<\/a> <a href=\"http:\/\/www.genealogi.net\/gfs-ovriga-samlingar-namn-a2\/ \">\u00c5<\/a> <a href=\"http:\/\/www.genealogi.net\/gfs-ovriga-samlingar-namn-ao\/\">\u00c4\/\u00d6<\/a><br \/>\n\t\t<\/strong><\/h1>\n<div>Bakom varje bokstav finns namnlistor i bokstavsordning fr\u00e5n fem register:<\/div>\n<ul>\n<li>Invandrade sl\u00e4kter<\/li>\n<li>Adelborgs klippsamling &nbsp;\u201dK\u00e4nda d\u00f6da\u201d<\/li>\n<li>Ny svensk sl\u00e4ktbok 1901-1906<\/li>\n<li>D\u00f6dsrunor, utgivna av Sancte \u00d6rjens Gille<\/li>\n<li>Stockholms Veckoblad 1745-1775<\/li>\n<\/ul>\n<p>Fakta om personerna bakom ovanst\u00e5ende sl\u00e4ktnamn finns antingen i GFs samlingar eller i andra arkiv eller bibliotek. Klicka p\u00e5 sl\u00e4ktnamnet s\u00e5 f\u00e5r du information om k\u00e4llan.<\/p>\n<p>Som medlem kan du via medlemssidorna s\u00f6ka i fler namnregister och direkt f\u00e5 fakta om miljontals personer.<\/p>\n<\/div>\n","protected":false},"excerpt":{"rendered":"<p>A B C D E F G H I J K L M N O P Q R S T U V\/W X Y Z \u00c5 \u00c4\/\u00d6 Bakom varje bokstav finns namnlistor i bokstavsordning fr\u00e5n fem register: Invandrade sl\u00e4kter Adelborgs klippsamling &nbsp;\u201dK\u00e4nda d\u00f6da\u201d Ny svensk sl\u00e4ktbok 1901-1906 D\u00f6dsrunor, utgivna av Sancte \u00d6rjens Gille Stockholms Veckoblad &#8230; <a title=\"GFs \u00f6vriga namnregister\" class=\"read-more\" href=\"https:\/\/www.genealogi.net\/nova\/a-o\/sok-i-gfs-ovriga-samlingar\/\" aria-label=\"L\u00e4s mer om GFs \u00f6vriga namnregister\">L\u00e4s mer<\/a><\/p>\n","protected":false},"author":2,"featured_media":2227,"parent":1554,"menu_order":40,"comment_status":"closed","ping_status":"closed","template":"","meta":{"footnotes":""},"class_list":["post-1798","page","type-page","status-publish","has-post-thumbnail"],"_links":{"self":[{"href":"https:\/\/www.genealogi.net\/nova\/wp-json\/wp\/v2\/pages\/1798","targetHints":{"allow":["GET"]}}],"collection":[{"href":"https:\/\/www.genealogi.net\/nova\/wp-json\/wp\/v2\/pages"}],"about":[{"href":"https:\/\/www.genealogi.net\/nova\/wp-json\/wp\/v2\/types\/page"}],"author":[{"embeddable":true,"href":"https:\/\/www.genealogi.net\/nova\/wp-json\/wp\/v2\/users\/2"}],"replies":[{"embeddable":true,"href":"https:\/\/www.genealogi.net\/nova\/wp-json\/wp\/v2\/comments?post=1798"}],"version-history":[{"count":0,"href":"https:\/\/www.genealogi.net\/nova\/wp-json\/wp\/v2\/pages\/1798\/revisions"}],"up":[{"embeddable":true,"href":"https:\/\/www.genealogi.net\/nova\/wp-json\/wp\/v2\/pages\/1554"}],"wp:featuredmedia":[{"embeddable":true,"href":"https:\/\/www.genealogi.net\/nova\/wp-json\/wp\/v2\/media\/2227"}],"wp:attachment":[{"href":"https:\/\/www.genealogi.net\/nova\/wp-json\/wp\/v2\/media?parent=1798"}],"curies":[{"name":"wp","href":"https:\/\/api.w.org\/{rel}","templated":true}]}}