{"id":18376,"date":"2013-05-27T16:52:32","date_gmt":"2013-05-27T18:52:32","guid":{"rendered":"http:\/\/www.genealogi.net\/medlem\/?page_id=150"},"modified":"2013-05-27T16:52:32","modified_gmt":"2013-05-27T18:52:32","slug":"inrikes-pass","status":"publish","type":"page","link":"https:\/\/www.genealogi.net\/nova\/inrikes-pass\/","title":{"rendered":"Inrikes pass"},"content":{"rendered":"<div>\n\t<a href=\"https:\/\/www.genealogi.net\/nova\/inrikes-pass\/sok-i-personregistret\/\" target=\"_self\">S\u00f6k i personregistret<\/a>&nbsp; (namn, yrkestitlar, orter)\n<\/div>\n<div>\n\t&nbsp;\n<\/div>\n<div>\n\t<a href=\"https:\/\/www.genealogi.net\/nova\/inrikes-pass\/originalhandlingarna\/\">Originalhandlingarna<\/a><span style=\"line-height: 1.6em;\">&nbsp; (best\u00e5nds\u00f6versikt, avfotograferade passhandlingar, ing\u00e5ng till registreringsprogrammet)<\/span>\n<\/div>\n<div>\n\t&nbsp;\n<\/div>\n<div>\n\t<a href=\"https:\/\/www.genealogi.net\/nova\/inrikes-pass\/att-registrera\/\" style=\"line-height: 1.6em;\" target=\"_self\">Att registrera<\/a><span style=\"line-height: 1.6em;\">&nbsp; (anvisningar f\u00f6r&nbsp;registreringen, hj\u00e4lpmedel)<\/span>\n<\/div>\n<div>\n\t&nbsp;\n<\/div>\n<div>\n\t<a href=\"https:\/\/www.genealogi.net\/nova\/inrikes-pass\/historik\/\" target=\"_self\">Historik<\/a>&nbsp; (kort introduktion till passhistorik och de k\u00e4llor som ing\u00e5r i projektet)\n<\/div>\n","protected":false},"excerpt":{"rendered":"<p>S\u00f6k i personregistret&nbsp; (namn, yrkestitlar, orter) &nbsp; Originalhandlingarna&nbsp; (best\u00e5nds\u00f6versikt, avfotograferade passhandlingar, ing\u00e5ng till registreringsprogrammet) &nbsp; Att registrera&nbsp; (anvisningar f\u00f6r&nbsp;registreringen, hj\u00e4lpmedel) &nbsp; Historik&nbsp; (kort introduktion till passhistorik och de k\u00e4llor som ing\u00e5r i projektet)<\/p>\n","protected":false},"author":2,"featured_media":279,"parent":0,"menu_order":15,"comment_status":"closed","ping_status":"closed","template":"","meta":{"footnotes":""},"class_list":["post-18376","page","type-page","status-publish","has-post-thumbnail"],"_links":{"self":[{"href":"https:\/\/www.genealogi.net\/nova\/wp-json\/wp\/v2\/pages\/18376","targetHints":{"allow":["GET"]}}],"collection":[{"href":"https:\/\/www.genealogi.net\/nova\/wp-json\/wp\/v2\/pages"}],"about":[{"href":"https:\/\/www.genealogi.net\/nova\/wp-json\/wp\/v2\/types\/page"}],"author":[{"embeddable":true,"href":"https:\/\/www.genealogi.net\/nova\/wp-json\/wp\/v2\/users\/2"}],"replies":[{"embeddable":true,"href":"https:\/\/www.genealogi.net\/nova\/wp-json\/wp\/v2\/comments?post=18376"}],"version-history":[{"count":0,"href":"https:\/\/www.genealogi.net\/nova\/wp-json\/wp\/v2\/pages\/18376\/revisions"}],"wp:featuredmedia":[{"embeddable":true,"href":"https:\/\/www.genealogi.net\/nova\/wp-json\/wp\/v2\/media\/279"}],"wp:attachment":[{"href":"https:\/\/www.genealogi.net\/nova\/wp-json\/wp\/v2\/media?parent=18376"}],"curies":[{"name":"wp","href":"https:\/\/api.w.org\/{rel}","templated":true}]}}