{"id":2400,"date":"2013-06-14T23:50:12","date_gmt":"2013-06-14T21:50:12","guid":{"rendered":"http:\/\/www.u2086112.fsdata.se\/gfwp\/?page_id=2400"},"modified":"2026-03-18T16:25:12","modified_gmt":"2026-03-18T15:25:12","slug":"vara-datorer","status":"publish","type":"page","link":"https:\/\/www.genealogi.net\/nova\/produkter-och-tjanster\/vara-datorer\/","title":{"rendered":"Datorerna i forskarsalen"},"content":{"rendered":"\n<p>I v\u00e5r lokal i Marabou-huset i Sundbyberg har vi <em>Ella Heckschers<\/em> forskarsal med nio datorer med m\u00e5nga sl\u00e4ktforskningsresurser. Medlemmar kan fritt anv\u00e4nda datorna men icke-medlemmar \u00e4r ocks\u00e5 v\u00e4lkomna att anv\u00e4nda dem mot betalning av 50 kr per dag. Datorsalen \u00e4r \u00f6ppen n\u00e4r lokalen \u00e4r \u00f6ppen. Se aktuella \u00f6ppettider l\u00e4ngst ned p\u00e5 sidan.<\/p>\n\n\n\n<div>\n<div class=\"wp-block-media-text is-stacked-on-mobile is-vertically-aligned-top\" style=\"grid-template-columns:33% auto\"><figure class=\"wp-block-media-text__media\"><img loading=\"lazy\" decoding=\"async\" width=\"181\" height=\"300\" src=\"https:\/\/www.genealogi.net\/nova\/wp-content\/uploads\/2026\/03\/ella-181x300.jpg\" alt=\"\" class=\"wp-image-18527 size-medium\" srcset=\"https:\/\/www.genealogi.net\/nova\/wp-content\/uploads\/2026\/03\/ella-181x300.jpg 181w, https:\/\/www.genealogi.net\/nova\/wp-content\/uploads\/2026\/03\/ella.jpg 350w\" sizes=\"auto, (max-width: 181px) 100vw, 181px\" \/><\/figure><div class=\"wp-block-media-text__content\">\n<p>Datorsalen har f\u00e5tt namnet ELLA HECKSCHER efter en av v\u00e5r f\u00f6renings grundare, <em>Ella Heckscher<\/em> (1882\u20131964). Se bilden till v\u00e4nster. Hon ingick i den f\u00f6rsta styrelsen d\u00e4r hon var enda kvinna under f\u00f6reningens f\u00f6rsta tv\u00e5 decennier. Ella Heckscher var en av svensk sl\u00e4ktforsknings fr\u00e4msta pionj\u00e4rer. Hon skrev handb\u00f6cker, gav kurser och gjorde radioprogram om sl\u00e4ktforskning. Hon stred i domstol mot Landsarkivet i Uppsala som h\u00e4vdade 90 \u00e5rs sekretess p\u00e5 arkivmaterialet \u2013 detta var p\u00e5 1920-talet f\u00f6re 70-\u00e5rssekretessens inf\u00f6rande. Hon f\u00f6rs\u00f6rjde sig ocks\u00e5 p\u00e5 sl\u00e4ktforskningen som yrkesgenealog och uppdragsforskare genom sitt f\u00f6retag <em>Genealogiska Byr\u00e5n<\/em> 1918\u20131949. Du kan l\u00e4sa mer om Ella i <a href=\"https:\/\/skbl.se\/sv\/artikel\/EllaBerthaAmaliaHeckscher\">Svensk Kvinnobiografiskt Lexikon<\/a>.<\/p>\n\n\n\n<h2 class=\"wp-block-heading\">Sl\u00e4ktforskarmaterial p\u00e5 datorerna<\/h2>\n\n\n\n<p>P\u00e5 datorerna kommer du f\u00f6rst\u00e5s \u00e5t allt fritt material p\u00e5 Internet. P\u00e5 samtliga datorer finns Arkiv Digital och FamilySearch (mormonernas sajt) tillg\u00e4ngliga. Genealogiska F\u00f6reningen har inom FamilySearch status som <em><a href=\"https:\/\/www.familysearch.org\/en\/help\/helpcenter\/article\/what-is-the-difference-between-familysearch-centers-and-affiliate-libraries\">Affiliated Library<\/a><\/em>. Det inneb\u00e4r att att du f\u00e5r tillg\u00e5ng till ett st\u00f6rre utbud av digitalt k\u00e4llmaterial j\u00e4mf\u00f6rt med om du anv\u00e4nder FamilySearch hemifr\u00e5n.<\/p>\n\n\n\n<p>Datorerna 1\u20137 har Windows 10, dator 8 GNU\/Linux och dator 9 macOS.<\/p>\n\n\n\n<h3 class=\"wp-block-heading\">Samtliga datorer 1\u20139<\/h3>\n\n\n\n<ul class=\"wp-block-list\">\n<li>Riksarkivets digitala forskarsal<\/li>\n\n\n\n<li>ArkivDigital Online<\/li>\n\n\n\n<li>Family Search<\/li>\n\n\n\n<li>MyHeritage<\/li>\n<\/ul>\n\n\n\n<h3 class=\"wp-block-heading\">Datorerna 1\u20135<\/h3>\n\n\n\n<ul class=\"wp-block-list\">\n<li>Ancestry.com<\/li>\n\n\n\n<li>Sveriges befolkning 1970, 1980, 1990, 2000<\/li>\n\n\n\n<li>Sveriges d\u00f6dbok 10 1800\u20132024<\/li>\n\n\n\n<li>Begravda i Sverige 2<\/li>\n\n\n\n<li>Gods och G\u00e5rdar<\/li>\n\n\n\n<li>Polisunderr\u00e4ttelser 1878-1941<\/li>\n\n\n\n<li>Emigranten Popul\u00e4r<\/li>\n\n\n\n<li>Emibas<\/li>\n\n\n\n<li>GF:s egna digitala produkter:<\/li>\n\n\n\n<li>Svenska \u00c4mbetsverk<\/li>\n\n\n\n<li>Sveriges Herdaminne<\/li>\n\n\n\n<li>Sl\u00e4kt och H\u00e4vd 4 1934\u20132024<\/li>\n\n\n\n<li>Svensk Genealogisk Tidskrift 2007\u20132024<\/li>\n\n\n\n<li>Skilda i Stockholm 1794\u20131916<\/li>\n\n\n\n<li>Svenska Sl\u00e4kter<\/li>\n\n\n\n<li>Karlskrona Veckoblad<\/li>\n<\/ul>\n\n\n\n<h3 class=\"wp-block-heading\">Dator 6<\/h3>\n\n\n\n<ul class=\"wp-block-list\">\n<li>Inneh\u00e5ller en stor m\u00e4ngd databaser. En fullst\u00e4ndig lista p\u00e5 inneh\u00e5llet finns <a href=\"https:\/\/www.genealogi.net\/nova\/innehallet-pa-dator-6\/\">H\u00c4R<\/a>.<\/li>\n<\/ul>\n\n\n\n<h3 class=\"wp-block-heading\">Datorerna 7\u20139<\/h3>\n\n\n\n<ul class=\"wp-block-list\">\n<li>Sveriges d\u00f6dbok 10 1800\u20132024<\/li>\n<\/ul>\n<\/div><\/div>\n<\/div>\n","protected":false},"excerpt":{"rendered":"<p>I v\u00e5r lokal i Marabou-huset i Sundbyberg har vi Ella Heckschers forskarsal med nio datorer med m\u00e5nga sl\u00e4ktforskningsresurser. Medlemmar kan fritt anv\u00e4nda datorna men icke-medlemmar \u00e4r ocks\u00e5 v\u00e4lkomna att anv\u00e4nda dem mot betalning av 50 kr per dag. Datorsalen \u00e4r \u00f6ppen n\u00e4r lokalen \u00e4r \u00f6ppen. Se aktuella \u00f6ppettider l\u00e4ngst ned p\u00e5 sidan. Datorsalen har f\u00e5tt &#8230; <a title=\"Datorerna i forskarsalen\" class=\"read-more\" href=\"https:\/\/www.genealogi.net\/nova\/produkter-och-tjanster\/vara-datorer\/\" aria-label=\"L\u00e4s mer om Datorerna i forskarsalen\">L\u00e4s mer<\/a><\/p>\n","protected":false},"author":2,"featured_media":0,"parent":680,"menu_order":0,"comment_status":"closed","ping_status":"closed","template":"","meta":{"footnotes":""},"class_list":["post-2400","page","type-page","status-publish"],"_links":{"self":[{"href":"https:\/\/www.genealogi.net\/nova\/wp-json\/wp\/v2\/pages\/2400","targetHints":{"allow":["GET"]}}],"collection":[{"href":"https:\/\/www.genealogi.net\/nova\/wp-json\/wp\/v2\/pages"}],"about":[{"href":"https:\/\/www.genealogi.net\/nova\/wp-json\/wp\/v2\/types\/page"}],"author":[{"embeddable":true,"href":"https:\/\/www.genealogi.net\/nova\/wp-json\/wp\/v2\/users\/2"}],"replies":[{"embeddable":true,"href":"https:\/\/www.genealogi.net\/nova\/wp-json\/wp\/v2\/comments?post=2400"}],"version-history":[{"count":22,"href":"https:\/\/www.genealogi.net\/nova\/wp-json\/wp\/v2\/pages\/2400\/revisions"}],"predecessor-version":[{"id":19149,"href":"https:\/\/www.genealogi.net\/nova\/wp-json\/wp\/v2\/pages\/2400\/revisions\/19149"}],"up":[{"embeddable":true,"href":"https:\/\/www.genealogi.net\/nova\/wp-json\/wp\/v2\/pages\/680"}],"wp:attachment":[{"href":"https:\/\/www.genealogi.net\/nova\/wp-json\/wp\/v2\/media?parent=2400"}],"curies":[{"name":"wp","href":"https:\/\/api.w.org\/{rel}","templated":true}]}}