{"id":5237,"date":"2014-04-07T22:17:56","date_gmt":"2014-04-07T20:17:56","guid":{"rendered":"http:\/\/www.genealogi.net\/?page_id=5237"},"modified":"2014-04-07T22:17:56","modified_gmt":"2014-04-07T20:17:56","slug":"johan-bures-slaktbok","status":"publish","type":"page","link":"https:\/\/www.genealogi.net\/nova\/johan-bures-slaktbok\/","title":{"rendered":"Johan Bures sl\u00e4ktbok 1400-1640"},"content":{"rendered":"<p><strong><a href=\"http:\/\/gfsupersok.se\/#!\/products\/johan-bures-sl\u00e4ktbok-p\u00e5-usb-minne.html\" target=\"_blank\" rel=\"noopener\"><span style=\"color: #0000cd;\"><u><span>K\u00f6p Johan Bures sl\u00e4ktbok\u00a0som USB-minne<\/span><\/u><\/span><\/a><\/strong><\/p>\n<p><strong><u><a href=\"https:\/\/gfsupersok.se\/#!\/products\/johan-bures-sl\u00e4ktbok-p\u00e5-usb-minne-medlemspris.html\" target=\"_blank\" rel=\"noopener\"><span style=\"color: #0000cd;\">K\u00f6p som medlem i Genealogiska F\u00f6reningen<\/span><\/a><\/u><\/strong><\/p>\n<p><span style=\"background-color: #(color);\"><span style=\"color: #000000;\"><strong><em>Johan Bures sl\u00e4ktbok<\/em> <\/strong><\/span><\/span>bygger p\u00e5 uppgifter fr\u00e5n den svenske medeltidsforskaren Johan Bures sl\u00e4ktforskning. Sl\u00e4ktboken inneh\u00e5ller cirka 3 000 personer fr\u00e5n omkring \u00e5r 1400 fram till f\u00f6rsta h\u00e4lften av 1600-talet. Ett mindre antal anteckningar med kompletterande uppgifter om senare \u00e4ttlingar \u00e4r tillagda p\u00e5 1700-talet. Bure var den f\u00f6rste ofr\u00e4lse privatpersonen i Sverige som bedrev sl\u00e4ktforskning och den f\u00f6rste som \u00e4gnade sig \u00e5t icke adliga sl\u00e4kter.<\/p>\n<p>Genealogiska F\u00f6reningen ger ut den ber\u00f6mda sl\u00e4ktboken p\u00e5 usb, d\u00e4r Urban Sikeborg \u00e4r f\u00f6rfattare till materialet. Det \u00e4r f\u00f6rsta g\u00e5ngen en handskrift ges ut i s\u00f6kbar form p\u00e5 detta s\u00e4tt. Dvd:n \u00e4r gjord f\u00f6r Windows.<\/p>\n<p>(<a href=\"https:\/\/www.genealogi.net\/nova\/johan-buren-sukukirja-1400-1640\" target=\"_blank\" rel=\"noopener\">Informaatio suomeksi\/<\/a>Information p\u00e5 finska).<\/p>\n<div><strong>L\u00e4s mer nedan:<\/strong><br \/>\n<a href=\"\/nova\/#Videofilmer1\">Videofilmer om Johan Bures sl\u00e4ktbok<\/a><\/div>\n<div><a href=\"\/nova\/#Inneh%C3%A5ll\">Om inneh\u00e5llet<\/a><\/div>\n<div><a href=\"\/nova\/#OmJohanBure\" target=\"_self\">Om Johan Bure och hans unika sl\u00e4ktbok<\/a><br \/>\n<a href=\"\/nova\/#Projektgruppen\">Om Bureprojektgruppen<\/a><br \/>\n<a href=\"\/nova\/#IntervjuTiina\">Intervju med Tiiina Miettinen (pdf) och kort sammanfattning p\u00e5 svenska<\/a><\/div>\n<div><a href=\"http:\/\/www.genealogi.se\/wiki\/index.php?title=Johan_Bures_sl%C3%A4ktbok\" target=\"_blank\" rel=\"noopener\">L\u00e4s mer p\u00e5 Wiki-R\u00f6tter<\/a><\/div>\n<div>Till artikel i<a href=\"http:\/\/hd.se\/familj\/slaktforskning\/2014\/06\/19\/historisk-slaktbok-som-dvd\/\" target=\"_blank\" rel=\"noopener\"> Helsingborgs Dagblad<\/a> med kompletterande l\u00e4nkar<\/div>\n<hr \/>\n<p><strong><a name=\"Videofilmer1\"><\/a><\/strong><\/p>\n<p>&nbsp;<\/p>\n<p><strong>Videofilmer om Johan Bures sl\u00e4ktbok. Klicka p\u00e5 bilderna<\/strong><\/p>\n<div><a href=\"https:\/\/www.youtube.com\/watch?v=xwE4q_BIHC4\" target=\"_blank\" rel=\"noopener\"><img loading=\"lazy\" decoding=\"async\" class=\"alignnone size-thumbnail wp-image-5544\" src=\"https:\/\/www.genealogi.net\/nova\/gfwp\/wp-content\/uploads\/2014\/04\/Urbn-Sikeborg150-150x150.jpg\" alt=\"Urban Sikeborg \" width=\"150\" height=\"150\" srcset=\"https:\/\/www.genealogi.net\/nova\/wp-content\/uploads\/2014\/04\/Urbn-Sikeborg150-150x150.jpg 150w, https:\/\/www.genealogi.net\/nova\/wp-content\/uploads\/2014\/04\/Urbn-Sikeborg150.jpg 195w\" sizes=\"auto, (max-width: 150px) 100vw, 150px\" \/><\/a><\/div>\n<div>F\u00f6rfattare Urban Sikeborg ber\u00e4ttar om Johan Bure och bakgrunden till sl\u00e4ktboken p\u00e5 dvd. (Cirka 20 min)<\/div>\n<div><\/div>\n<div><a href=\"https:\/\/www.youtube.com\/watch?v=nEusW0e5PT0\" target=\"_blank\" rel=\"noopener\"><img loading=\"lazy\" decoding=\"async\" class=\"alignnone size-thumbnail wp-image-5545\" src=\"https:\/\/www.genealogi.net\/nova\/gfwp\/wp-content\/uploads\/2014\/04\/Johan-Gidl%C3%B6f150-150x150.jpg\" alt=\"Johan Gidl\u00f6f \" width=\"150\" height=\"150\" \/><\/a><\/div>\n<div>Johan Gidl\u00f6f ber\u00e4ttar om hur dvd:n fungerar. (Cirka 20 min)<\/div>\n<div><\/div>\n<div><a href=\"https:\/\/www.youtube.com\/watch?v=P-s5bWv-Ic4&amp;feature=youtu.be&amp;t\" target=\"_blank\" rel=\"noopener\"><img loading=\"lazy\" decoding=\"async\" class=\"alignnone size-thumbnail wp-image-5546\" src=\"https:\/\/www.genealogi.net\/nova\/gfwp\/wp-content\/uploads\/2014\/04\/Erland-Ringborg150-150x150.jpg\" alt=\"Erland Ringborg\" width=\"150\" height=\"150\" srcset=\"https:\/\/www.genealogi.net\/nova\/wp-content\/uploads\/2014\/04\/Erland-Ringborg150-150x150.jpg 150w, https:\/\/www.genealogi.net\/nova\/wp-content\/uploads\/2014\/04\/Erland-Ringborg150.jpg 195w\" sizes=\"auto, (max-width: 150px) 100vw, 150px\" \/><\/a><\/div>\n<div>Erland Ringborg ber\u00e4ttar om bakgrunden till framtagandet av sl\u00e4ktboken p\u00e5 dvd som s\u00e4ljs av GF i Sundbyberg, Stockholm. (Cirka 5 min)<\/div>\n<div><\/div>\n<hr \/>\n<p><a name=\"Inneh\u00e5ll\"><\/a><br \/>\n<span style=\"background-color: #(color);\"><span style=\"color: #000000;\"><strong>Inneh\u00e5llet p\u00e5 dvd:n <em>Johan Bures sl\u00e4ktbok<\/em> <\/strong><\/span><\/span><br \/>\nVarje person som n\u00e4mns har en egen personakt d\u00e4r sl\u00e4ktbokens samtliga uppgifter personen finns samlade med kommentarer. M\u00e5nga av personakterna har dessutom kompletterande h\u00e4nvisningar och uppgifter ur tryckta och otryckta k\u00e4llor och bearbetningar. Skivan har goda s\u00f6km\u00f6jligheter och du kan v\u00e4xla mellan personakter, sl\u00e4kttr\u00e4d och de avfotograferade sidorna d\u00e4r personen n\u00e4mns.<\/p>\n<p>Skivan inneh\u00e5ller \u00e4ven omkring 2 400 fotografier av relaterade handskrifter som r\u00f6r Johan Bure, hans sl\u00e4ktbok och hans esoteriska f\u00f6rest\u00e4llningar fram till \u00e5r 1750 i finska Riksarkivet, svenska Riksarkivet, Kungliga biblioteket, Uppsala universitetsbibliotek, Link\u00f6pings stiftsbibliotek och Riddarhuset. Bland handskrifterna ing\u00e5r Johan Bures handskrifter Adulruna rediviva (Uppsala universitetsbibliotek) och Cabbalistica (N24, Link\u00f6pings stiftsbibliotek) liksom hela Nils Jakobsson Burmans stora sl\u00e4ktbok \u00bb<em>Bure \u00c4tten<\/em>\u00bb med dess kompletteringar av Johan Bures sl\u00e4ktbok fram till 1700-talets f\u00f6rsta del.<\/p>\n<p>P\u00e5 skivan ing\u00e5r en omfattande dokumentation (ca 500 A4-sidor) med artiklar om Johan Bure och hans familj och hans sl\u00e4kthistoriska verksamhet och f\u00f6rest\u00e4llningar. Dokumentationen omfattar en ing\u00e5ende analys av sl\u00e4ktboken i dess olika versioner och dess trov\u00e4rdighet utifr\u00e5n en rad olika aspekter. Fil. dr Tiina Miettinen, som uppt\u00e4ckte en originalversion av sl\u00e4ktboken i finska Riksarkivet 2008,\u00a0 har d\u00e4rut\u00f6ver skrivit en artikel p\u00e5 finska respektive svenska med presentation av sl\u00e4ktboken f\u00f6r en finsk publik.<\/p>\n<p>Till grund f\u00f6r dvd:n <em>Johan Bures sl\u00e4ktbok<\/em> ligger sollentunabon Urban Sikeborgs transkription av dels den originalversion av sl\u00e4ktboken, som historikern Tiina Miettinen uppt\u00e4ckte, dels en svensk avskrift fr\u00e5n 1714 av en f\u00f6rsta version av sl\u00e4ktboken. Den databas som skapats och best\u00e5r av 3 000 personakter, h\u00e5ller en h\u00f6g kvalitet f\u00f6r att ocks\u00e5 kunna anv\u00e4ndas f\u00f6r akademisk forskning. Databasen kommer att vara s\u00f6kbar utifr\u00e5n en rad parametrar. I varje personakt har samtliga omn\u00e4mnanden i sl\u00e4ktboken av personen i fr\u00e5ga lagts in i bokstavstrogen \u00e5tergivning tillsammans med text- och inneh\u00e5llskritiska kommentarer. I m\u00e5nga fall finns dessutom kompletterande uppgifter fr\u00e5n andra k\u00e4llor tillagda.<a name=\"OmJohanBure\"><\/a><\/p>\n<p><strong>Om Johan Bure och hans unika sl\u00e4ktbok<\/strong><\/p>\n<figure id=\"attachment_5190\" aria-describedby=\"caption-attachment-5190\" style=\"width: 179px\" class=\"wp-caption alignleft\"><img loading=\"lazy\" decoding=\"async\" class=\"size-full wp-image-5190 wp-caption alignleft\" src=\"https:\/\/www.genealogi.net\/nova\/gfwp\/wp-content\/uploads\/2014\/03\/Johan-Buretest2ejramkant.jpg\" alt=\"Portr&amp;auml;ttet av Johan Bure &amp;auml;r fotograferat av Bengt A Lundberg 2005. Riksantikvarie&amp;auml;mbetets Kulturmilj&amp;ouml;bild (licens CC-BY).\" width=\"189\" height=\"224\" \/><figcaption id=\"caption-attachment-5190\" class=\"wp-caption-text\">Portr&amp;auml;tt av Johan Bure. Foto: Bengt A Lundberg 2005. RA&amp;Auml;:s Kulturmilj&amp;ouml;bild (licens CC-BY).<\/figcaption><\/figure>\n<p>Fornforskaren och mystikern Johan Thomasson Bure (1568\u20131652) har beskrivits som en stormaktstidens portalgestalt. Han var sin tids mest l\u00e4rda man, en beg\u00e5vad m\u00e5ngsysslare och tusenkonstn\u00e4r som blandade klarsynta, vetenskapliga iakttagelser med oh\u00e4mmad mystik och som i tidens apokalyptiska anda kom att se sig som en Guds profet f\u00f6rutsagd i bibeln. I Johan Bure f\u00f6renas en utpr\u00e4glad individualism med en stark sl\u00e4kttillh\u00f6righet. Han l\u00e4gger i dagen en tydlig medvetenhet om vad som skiljer honom fr\u00e5n andra samtidigt som han tillskriver mormoderns norrl\u00e4ndska sl\u00e4ktkrets, Bure\u00e4tten, upphovet till denna individualitet, och det i en tid n\u00e4r h\u00e4rstamning och sl\u00e4ktf\u00f6rbindelser i h\u00f6gre utstr\u00e4ckning \u00e4n tidigare kom att betraktas som avg\u00f6rande f\u00f6r en m\u00e4nniskas sociala kapital och livs\u00f6de, hennes sj\u00e4lva v\u00e4sen och sociala status. I ens meritf\u00f6rteckning ingick inte bara de egna f\u00f6rtj\u00e4nsterna utan \u00e4ven f\u00f6rf\u00e4der och fr\u00e4nder.<\/p>\n<p>Johan Bure var den f\u00f6rste ofr\u00e4lse privatperson i Sverige som bedrev sl\u00e4ktforskning p\u00e5 sin fritid och den f\u00f6rste som \u00e4gnade sig \u00e5t icke adliga sl\u00e4kter. Han tillbringade mer \u00e4n fyrtio \u00e5r \u2013 fr\u00e5n 1598 eller 1599 och \u00e4nnu 1641 \u2013 med att kartl\u00e4gga sin och sin f\u00f6rsta hustrus sl\u00e4kt, och forskningsresultaten sammanst\u00e4lldes till en i flera avseenden unik sl\u00e4ktbok.<\/p>\n<p>Sammanlagt omn\u00e4mner Johan Bures sl\u00e4ktbok drygt 3 000 personer: 2 700 personer i sj\u00e4lva sl\u00e4kttr\u00e4den, fr\u00e5n omkring \u00e5r 1400 till 1600-talets f\u00f6rsta del, och omkring 300 andra personer n\u00e4mnda i samband med dessa. De allra flesta \u00e4r ofr\u00e4lse, dvs. icke adliga, och det i en tid d\u00e5 endast adeln ans\u00e5gs ha anor och vara v\u00e4rda sl\u00e4ktutredningar \u2013 att utreda allmoge och borgerliga sl\u00e4kter var ett apart beteende p\u00e5 Johan Bures tid. Man kan j\u00e4mf\u00f6ra med fornforskaren Johannes Messenius, som ungef\u00e4r vid samma tid (1616) p\u00e5 kunglig befallning gav ut stamtavlor f\u00f6r furstehuset och den yppersta adeln, d\u00e4r dessa kunde leda sin h\u00e4rstamning bak\u00e5t till s\u00e5v\u00e4l trojanska kungar som Adam och Eva.<\/p>\n<p>Johan Bures sl\u00e4kttavlor omfattar \u00e4ven regioner d\u00e4r ingen adel i princip fanns och d\u00e4rmed inte heller n\u00e5got intresse fr\u00e5n krona och fr\u00e4lse att genomf\u00f6ra n\u00e5gra sl\u00e4kthistoriska unders\u00f6kningar. Johan Bure \u00e4r helt utan motsvarighet i sitt fokus p\u00e5 ofr\u00e4lse personer och genom att han redovisar h\u00e4rstamning p\u00e5 b\u00e5de mans- och kvinnosidorna i lika utstr\u00e4ckning, oavsett om de varit tj\u00e4nstepigor, biskopinnor, knektar eller utom\u00e4ktenskapligt f\u00f6dda.<\/p>\n<p><strong>Sl\u00e4ktboksversionerna<\/strong><br \/>\nJohan Bure gjorde \u00e5tminstone tv\u00e5 versioner av sin sl\u00e4ktbok, en ursprunglig och en renskriven version. Den ursprungliga autografen som legat till grund f\u00f6r de tv\u00e5 svenska, delvis ofullst\u00e4ndiga och korrupta sl\u00e4ktboksavskrifterna i Uppsala universitetsbibliotek fr\u00e5n 1714, \u00e4r nu f\u00f6rlorad. Sl\u00e4ktboksautografen, som uppt\u00e4cktes 2008, uppr\u00e4ttades av Johan Bure i februari 1613 och redog\u00f6r f\u00f6r tre ofr\u00e4lse sl\u00e4ktkretsar: den s\u00e5 kallade Bure\u00e4tten fr\u00e5n Skellefte\u00e5 i V\u00e4sterbotten vilken Johan Bures mormor tillh\u00f6rde; Johan Bures morfars fars \u00e4ttlingar \u2013 allmoge och pr\u00e4ster i fr\u00e4mst Uppland \u2013 samt Johan Bures f\u00f6rsta hustrus borgerliga sl\u00e4kt i flera mellansvenska st\u00e4der.<\/p>\n<p>De svenska sl\u00e4ktboksavskrifterna inleds med en avhandling best\u00e5ende av tio kapitel som redog\u00f6r f\u00f6r namnet Bure inom Sverige och utomlands och Bure\u00e4ttens \u00e4ldsta historia tillbaka till antikens goter och Sveriges grundande. Av denna avhandling finns i autografen endast n\u00e5gra f\u00e5 sidor.<\/p>\n<p>&nbsp;<\/p>\n<hr \/>\n<div><em><a name=\"Projektgruppen\"><\/a><\/em><\/div>\n<div>\n<strong>Bureprojektgruppen<\/strong><br \/>\n<strong><em>Urban Sikeborg<\/em><\/strong>, Sollentuna. Mottagare av Victor \u00d6rnbergs Hederspris 2011 f\u00f6r sin k\u00e4llkritiska forskning. Har sedan 1990 publicerat ett st\u00f6rre antal person- och sl\u00e4kthistoriska artiklar f\u00f6r Vasatiden och stormaktstiden utifr\u00e5n prim\u00e4rk\u00e4llor.<\/div>\n<div><\/div>\n<div><strong><em>Tiina Miettinen<\/em><\/strong>, fil. dr, Tammerfors universitet. Har doktorerat p\u00e5 \u00e4mnet ogifta kvinnors f\u00f6rh\u00e5llanden bland allmogen p\u00e5 1600- och 1700-talen.<\/div>\n<div><\/div>\n<div><strong><em>Carl Szabad<\/em><\/strong>, Enskede. Mottagare av Victor \u00d6rnbergs Hederspris 2013. Tidigare kanslichef p\u00e5 Sveriges Sl\u00e4ktforskarf\u00f6rbund, numera konsult och projektledare. Har p\u00e5 uppdrag av Riksarkivets myndighet SVAR, Sveriges Sl\u00e4ktforskarf\u00f6rbund och Stockholms stadsarkiv och tillsammans med Johan Gidl\u00f6f skapat de flesta av de stora, digitala databaserna i Sverige med sina miljontals poster, bland dem Sveriges D\u00f6dbok 1901\u20132006, Begravda i Sverige, Sveriges Befolkning 1880, 1890, 1900, 1970, 1980, 1990, och Rotemannen<\/div>\n<div><\/div>\n<div><strong><em>Johan Gidl\u00f6f<\/em><\/strong>, \u00c4lvsj\u00f6. Chef f\u00f6r Stockholms stadsarkivs enhet Bearbeta och publicera. Har skapat gr\u00e4nssnittet och de tekniska l\u00f6sningarna f\u00f6r de stora databaserna p\u00e5 cd och dvd. Se ovan ang\u00e5ende samarbetet med Carl Szabad. Driver f\u00f6retaget DigData.<\/div>\n<div><\/div>\n<div>Bureprojektet finansieras av medel fr\u00e5n Svenska Litteraturs\u00e4llskapet i Finland och Genealogiska F\u00f6reningen.<\/div>\n<div>\n<hr \/>\n<p><a name=\"IntervjuTiina\"><\/a><\/p>\n<p><strong>Om intervjun med Tiina Miettinen i den finska tidningen Seura<\/strong><br \/>\nDen finska motsvarigheten till tv-programmet \u00bbSp\u00e5rl\u00f6st\u00bb \u00e4r mycket popul\u00e4rt i Finland och visas p\u00e5 finska MTV3 under namnet \u00bbKadonneen j\u00e4ljill\u00e4\u00bb. Seura har gjort ett temanummer i samarbete med MTV3, och denna artikel bygger p\u00e5 en intervju med Tiina Miettinen i hennes egenskap av expert p\u00e5 sl\u00e4ktforskning i Finland.<\/p>\n<p><em><a href=\"https:\/\/www.genealogi.net\/nova\/gfwp\/wp-content\/uploads\/2014\/03\/Intervju-m-Tiina-Miettinen-i-fi-Seura-mars-2014.pdf\">Intervju med Tiina Miettinen i finska Seura, mars 2014<\/a> (pdf p\u00e5 finska)<\/em><\/p>\n<p>Kort sammanfattning av texten som ber\u00f6r dvd:n <em>Johan Bures sl\u00e4ktbok<\/em>:<\/p>\n<ul>\n<li>Artikeln inleds med att Tiina sommaren 2008 hittar en gammal pergamentshandskrift skriven med en vacker handstil i samband med sitt arbete p\u00e5 en historik om godset Fulkila. Hon f\u00f6rstod direkt att detta var en exceptionell och gammal sl\u00e4kthistorik. Det visade sig att detta var Johan Bures ursprungliga sl\u00e4ktbok fr\u00e5n tidigt 1600-tal, en unik handskrift. Tiina citeras s\u00e4ga att Johan Bures sl\u00e4ktbok behandlar alla \u00e4ttlingar till sl\u00e4kten lika, till skillnad fr\u00e5n adeln.<\/li>\n<li>L\u00e4ngre ned ber\u00e4ttas att Johan Bure bedrev en banbrytande sl\u00e4ktforskning f\u00f6r sin tid, men ocks\u00e5 att han var ett undantag f\u00f6r sin tid genom att han inte begr\u00e4nsade sig till adeln. Hans elev och v\u00e4n, biskop Johannes Terserus, inspirerades av denne att skaffa mer kunskap om \u00e4ldre sl\u00e4kter i \u00d6sterbotten. Detta var en tid d\u00e5 V\u00e4sterbotten, Norrbotten och \u00d6sterbotten utgjorde ett gemensamt kulturomr\u00e5de. Terserus&#8217; redovisning av \u00e4ttlingar till sl\u00e4kten Sursill \u00e4r b\u00f6rjan till den moderna finska sl\u00e4ktforskningen. Tiina ber\u00e4ttar sedan om adelns syften med sitt sl\u00e4ktforskande och hur den koncentrerade sig p\u00e5 f\u00e4dernelinjen enbart och \u00f6verf\u00f6randet av det adliga sl\u00e4ktnamnet, vapnet och statusen till n\u00e4sta generation. Hon kommenterar ocks\u00e5 att en familj kunde vara mer komplext sammansatt i Finland \u00e4n vad man tror, och att d\u00e4r ocks\u00e5 kunde ing\u00e5 andra \u00e4n de rent biologiska sl\u00e4ktingarna.<\/li>\n<\/ul>\n<\/div>\n<hr \/>\n<p>&nbsp;<\/p>\n","protected":false},"excerpt":{"rendered":"<p>K\u00f6p Johan Bures sl\u00e4ktbok\u00a0som USB-minne K\u00f6p som medlem i Genealogiska F\u00f6reningen Johan Bures sl\u00e4ktbok bygger p\u00e5 uppgifter fr\u00e5n den svenske medeltidsforskaren Johan Bures sl\u00e4ktforskning. Sl\u00e4ktboken inneh\u00e5ller cirka 3 000 personer fr\u00e5n omkring \u00e5r 1400 fram till f\u00f6rsta h\u00e4lften av 1600-talet. Ett mindre antal anteckningar med kompletterande uppgifter om senare \u00e4ttlingar \u00e4r tillagda p\u00e5 1700-talet. Bure &#8230; <a title=\"Johan Bures sl\u00e4ktbok 1400-1640\" class=\"read-more\" href=\"https:\/\/www.genealogi.net\/nova\/johan-bures-slaktbok\/\" aria-label=\"L\u00e4s mer om Johan Bures sl\u00e4ktbok 1400-1640\">L\u00e4s mer<\/a><\/p>\n","protected":false},"author":2,"featured_media":5290,"parent":0,"menu_order":4,"comment_status":"closed","ping_status":"closed","template":"","meta":{"footnotes":""},"class_list":["post-5237","page","type-page","status-publish","has-post-thumbnail"],"_links":{"self":[{"href":"https:\/\/www.genealogi.net\/nova\/wp-json\/wp\/v2\/pages\/5237","targetHints":{"allow":["GET"]}}],"collection":[{"href":"https:\/\/www.genealogi.net\/nova\/wp-json\/wp\/v2\/pages"}],"about":[{"href":"https:\/\/www.genealogi.net\/nova\/wp-json\/wp\/v2\/types\/page"}],"author":[{"embeddable":true,"href":"https:\/\/www.genealogi.net\/nova\/wp-json\/wp\/v2\/users\/2"}],"replies":[{"embeddable":true,"href":"https:\/\/www.genealogi.net\/nova\/wp-json\/wp\/v2\/comments?post=5237"}],"version-history":[{"count":0,"href":"https:\/\/www.genealogi.net\/nova\/wp-json\/wp\/v2\/pages\/5237\/revisions"}],"wp:featuredmedia":[{"embeddable":true,"href":"https:\/\/www.genealogi.net\/nova\/wp-json\/wp\/v2\/media\/5290"}],"wp:attachment":[{"href":"https:\/\/www.genealogi.net\/nova\/wp-json\/wp\/v2\/media?parent=5237"}],"curies":[{"name":"wp","href":"https:\/\/api.w.org\/{rel}","templated":true}]}}