{"id":8163,"date":"2016-02-07T18:41:39","date_gmt":"2016-02-07T16:41:39","guid":{"rendered":"http:\/\/www.genealogi.net\/?page_id=8163"},"modified":"2026-03-30T12:08:09","modified_gmt":"2026-03-30T10:08:09","slug":"sgt","status":"publish","type":"page","link":"https:\/\/www.genealogi.net\/nova\/sgt\/","title":{"rendered":"Svensk Genealogisk Tidskrift (SGT)"},"content":{"rendered":"\n<div class=\"wp-block-media-text is-stacked-on-mobile is-vertically-aligned-top\" style=\"grid-template-columns:28% auto\"><figure class=\"wp-block-media-text__media\"><img loading=\"lazy\" decoding=\"async\" width=\"687\" height=\"1024\" src=\"https:\/\/www.genealogi.net\/nova\/wp-content\/uploads\/2026\/03\/sgt2025-2-687x1024.jpg\" alt=\"\" class=\"wp-image-19318 size-full\" srcset=\"https:\/\/www.genealogi.net\/nova\/wp-content\/uploads\/2026\/03\/sgt2025-2-687x1024.jpg 687w, https:\/\/www.genealogi.net\/nova\/wp-content\/uploads\/2026\/03\/sgt2025-2-201x300.jpg 201w, https:\/\/www.genealogi.net\/nova\/wp-content\/uploads\/2026\/03\/sgt2025-2-768x1144.jpg 768w, https:\/\/www.genealogi.net\/nova\/wp-content\/uploads\/2026\/03\/sgt2025-2-1031x1536.jpg 1031w, https:\/\/www.genealogi.net\/nova\/wp-content\/uploads\/2026\/03\/sgt2025-2-1374x2048.jpg 1374w, https:\/\/www.genealogi.net\/nova\/wp-content\/uploads\/2026\/03\/sgt2025-2-scaled.jpg 1718w\" sizes=\"auto, (max-width: 687px) 100vw, 687px\" \/><\/figure><div class=\"wp-block-media-text__content\">\n<p>Svensk Genealogisk Tidskrift (SGT) \u00e4r en kvalificerad tidskrift f\u00f6r publicering av sl\u00e4ktforskningsresultat. Den inneh\u00e5ller artiklar i \u00e4mnen av intresse f\u00f6r s\u00e5v\u00e4l fritidssl\u00e4ktforskare som akademiska forskare inom de historiska \u00e4mnena. F\u00f6rutom rena sl\u00e4ktutredningar inneh\u00e5ller SGT \u00e4ven artiklar om arkivmaterial, om forna tiders sociala liv och levnadsvillkor och andra \u00e4mnen med relevans f\u00f6r sl\u00e4ktforskning.<\/p>\n\n\n\n<h2 class=\"wp-block-heading\">F\u00f6r f\u00f6rfattare<\/h2>\n\n\n\n<p>SGT delar f\u00f6rfattarinstruktion med sin digitala systertidskrift <a href=\"https:\/\/publicera.kb.se\/shs\">Sl\u00e4kthistoriska Studier<\/a>. I mars 2025 publicerades den senaste versionen av f\u00f6rfattarinstruktionen: <a href=\"https:\/\/doi.org\/10.55797\/byr583\" data-type=\"link\" data-id=\"https:\/\/doi.org\/10.55797\/byr583\">Anvisningar f\u00f6r f\u00f6rfattare och redaktioner. Hur ska en artikel till Svensk Genealogisk Tidskrift eller Sl\u00e4kthistoriska Studier utformas?<\/a><\/p>\n\n\n\n<p>Vi uppmanar de som vill skriva en artikel till SGT att f\u00f6rst l\u00e4sa igenom f\u00f6rfattarinstruktionen samt att anv\u00e4nda v\u00e5r Word-mall. Instruktionen ger v\u00e4gledning om hur man ska starta skrivprocess och vad som \u00e4r viktigt att t\u00e4nka p\u00e5. I SGT publicerar vi g\u00e4rna l\u00e4ngre artiklar men det h\u00f6r till ovanligheten att en artikel \u00e4r l\u00e4ngre \u00e4n 50\u00a0000 tecken med mellanslag. Blir slutresultatet l\u00e4ngre \u00e4n s\u00e5 b\u00f6r man fundera p\u00e5 om inte materialet kan delas upp i tv\u00e5 eller fler sj\u00e4lvst\u00e4ndiga artiklar.<\/p>\n<\/div><\/div>\n\n\n\n<div class=\"wp-block-group\"><div class=\"wp-block-group__inner-container is-layout-flow wp-block-group-is-layout-flow\">\n<h2 class=\"wp-block-heading\">Kontakta redaktionen<\/h2>\n\n\n\n<p>Redaktionen (kontaktinformation <a href=\"https:\/\/www.genealogi.net\/nova\/wp-admin\/post.php?post=178&amp;action=edit\">H\u00c4R<\/a>) bist\u00e5r alltid f\u00f6rfattarna fr\u00e5n start till m\u00e5l.<\/p>\n\n\n\n<ul class=\"wp-block-list\">\n<li><a href=\"https:\/\/drive.google.com\/file\/d\/1XwuduPZ_Bd9tMPLkxG36eZjqI5GxN0vB\/view?usp=sharing\">Word dokumentmall<\/a>: ZIP-fil inneh\u00e5llande Word-mallen (.doct) och en Word-fil skapad av mallen (.docx).<\/li>\n\n\n\n<li><a href=\"mailto:michael.lundholm@gfarkiv.set\">Skicka in artikel.<\/a> Artikeln ska bifogas en kort sammanfattning (100 ord), f\u00f6rfattarpresentation (se instruktionen f\u00f6r detaljer) och en nytagen bild p\u00e5 f\u00f6rfattaren.<\/li>\n<\/ul>\n\n\n\n<p>Om artikeln antas f\u00f6r publicering vidtar en redaktionell process i flera steg d\u00e4r f\u00f6rfattaren \u00e4r delaktig och kan genomf\u00f6ra f\u00f6r\u00e4ndringar i varje steg: (1) \u00d6vergripande kommentarer fr\u00e5n redaktionen, (2) detaljerade kommentarer fr\u00e5n redaktionen, (3) spr\u00e5klig korrekturl\u00e4sning (ortografi) och (4) typografisk korrekturl\u00e4sning av den monterade artikeln.<\/p>\n\n\n\n<h2 class=\"wp-block-heading\">F\u00f6r l\u00e4sare<\/h2>\n\n\n\n<p>SGT utkommer med tv\u00e5 nummer per \u00e5r, totalt cirka 128 sidor. Medlemmar i GF kan prenumerera p\u00e5 SGT f\u00f6r det f\u00f6rm\u00e5nliga priset 250 kr per \u00e5r. Icke-medlemmar betalar 350 kr&nbsp;och juridiska personer 450 kr. F\u00f6r adress utanf\u00f6r Sverige tillkommer 100 kr f\u00f6r utrikes befodran. \u00c5rg\u00e5ngarna 2007\u20132024 finns utgivna digitalt tillsammans med en historik \u00f6ver SGT:s f\u00f6rsta 14 \u00e5r: 295 kr f\u00f6r medlemmar i GF, 495 kr f\u00f6r icke-medlemmar. Se nedan.<\/p>\n\n\n\n<ul class=\"wp-block-list\">\n<li><a href=\"https:\/\/www.genealogi.net\/produkter-och tjanster\/sgt\/innehallsforteckning-sgt-alla-nummer\">Inneh\u00e5ll alla nummer<\/a><\/li>\n\n\n\n<li><a href=\"https:\/\/www.genealogi.net\/a-o\/namnregister-soh-och-sgt\">S\u00f6k i \u00e5rg\u00e5ng 2007\u20132011<\/a><\/li>\n<\/ul>\n\n\n\n<div class=\"wp-block-media-text is-stacked-on-mobile is-vertically-aligned-top\" style=\"grid-template-columns:36% auto\"><figure class=\"wp-block-media-text__media\"><img loading=\"lazy\" decoding=\"async\" width=\"695\" height=\"1024\" src=\"https:\/\/www.genealogi.net\/nova\/wp-content\/uploads\/2026\/03\/vapenlikhetsfallan-695x1024.jpg\" alt=\"\" class=\"wp-image-19317 size-full\" srcset=\"https:\/\/www.genealogi.net\/nova\/wp-content\/uploads\/2026\/03\/vapenlikhetsfallan-695x1024.jpg 695w, https:\/\/www.genealogi.net\/nova\/wp-content\/uploads\/2026\/03\/vapenlikhetsfallan-203x300.jpg 203w, https:\/\/www.genealogi.net\/nova\/wp-content\/uploads\/2026\/03\/vapenlikhetsfallan-768x1132.jpg 768w, https:\/\/www.genealogi.net\/nova\/wp-content\/uploads\/2026\/03\/vapenlikhetsfallan-1042x1536.jpg 1042w, https:\/\/www.genealogi.net\/nova\/wp-content\/uploads\/2026\/03\/vapenlikhetsfallan-1389x2048.jpg 1389w, https:\/\/www.genealogi.net\/nova\/wp-content\/uploads\/2026\/03\/vapenlikhetsfallan-scaled.jpg 1737w\" sizes=\"auto, (max-width: 695px) 100vw, 695px\" \/><\/figure><div class=\"wp-block-media-text__content\">\n<h2 class=\"wp-block-heading\">Specialnummer<\/h2>\n\n\n\n<p>SGT 2015:1 utkom med titeln \u00bbVapenlikhetsf\u00e4llan\u00ab och \u00e4r en bok f\u00f6rfattad av historikern Kaj Janzon tryckt i f\u00e4rg. Den handlar om sigillvapen och vapenbruk under medeltiden, metodproblemen bakom Jan Ranekes <em>Svenska Medeltidsvapen<\/em> samt kompletteringar och r\u00e4ttelser till detta verk. Den kostar 195 kr f\u00f6r medlemmar i GF och 295 kr f\u00f6r icke-medlemmar plus porto.<\/p>\n\n\n\n<h2 class=\"wp-block-heading\">K\u00f6p SGT i Sl\u00e4ktforskarbutiken<\/h2>\n\n\n\n<ul class=\"wp-block-list\">\n<li><a href=\"https:\/\/gfsupersok.se\/#!\/b\u00f6cker\/products\/vapenlikhetsf\u00e4llan-sgt-20151\">Vapenlikhetsf\u00e4llan (SGT 2015:1, pris f\u00f6r icke-medlem 295)<\/a>. Porto tillkommer.<\/li>\n\n\n\n<li><a href=\"https:\/\/gfsupersok.se\/#!\/products\/svensk-genealogisk-tidskrift-2025--0x28-medlemspris-0x29-\">Pr<\/a><a href=\"https:\/\/gfsupersok.se\/#!\/svensk-genealogisk-tidskrift\/products\/svensk-genealogisk-tidskrift--0x28-\u00e5rsprenumeration-2026-f\u00f6r-medlemmar-0x29-\">enumerera p\u00e5 SGT 2026 (medlemspris, 250)<\/a><\/li>\n\n\n\n<li><a href=\"https:\/\/gfsupersok.se\/#!\/svensk-genealogisk-tidskrift\/products\/svensk-genealogisk-tidskrift--0x28-\u00e5rsprenumeration-2026-0x2c--ordinarie-pris-0x29-\">Prenumerera p\u00e5 SGT 2026 (pris f\u00f6r icke-medlem, 350)<\/a><\/li>\n\n\n\n<li><a href=\"https:\/\/gfsupersok.se\/#!\/svensk-genealogisk-tidskrift\/products\/svensk-genealogisk-tidskrift--0x28-\u00e5rsprenumeration-2026-0x2c--juridisk-person-0x29-\">Prenumerera p\u00e5 SGT 2026 (juridsk person, 450)<\/a><\/li>\n\n\n\n<li><a href=\"https:\/\/gfsupersok.se\/#!\/svensk-genealogisk-tidskrift\/products\/sgt-\u00e5rsprenumertion-portotill\u00e4gg-f\u00f6r-utlandsbefordran\">Prenumerera p\u00e5 SGT 2026 (till\u00e4gg f\u00f6r utrikesbefodran 100)<\/a> <\/li>\n\n\n\n<li><a href=\"https:\/\/gfsupersok.se\/#!\/digitala-produkter--0x28-cd-0x2f-dvd-0x2f-usb-0x2f-nedladdningsbara-0x29-\/products\/svensk-genealogisk-tidskrift-2007---2020--0x28-medlemspris-0x2c--nedladdningsbar-0x29-\">Nedladdningsbar: SGT 2007\u20132024 (medlemspris 295)<\/a><\/li>\n\n\n\n<li><a href=\"https:\/\/gfsupersok.se\/#!\/digitala-produkter--0x28-cd-0x2f-dvd-0x2f-usb-0x2f-nedladdningsbara-0x29-\/products\/svensk-genealogisk-tidskrift-2007---2020--0x28-nedladdningsbar-0x29-\">Nedladdningsbar: SGT 2007\u20132024 (pris f\u00f6r icke-medlem 495)<\/a><\/li>\n\n\n\n<li><a href=\"https:\/\/gfsupersok.se\/#!\/b\u00f6cker\/products\/vapenlikhetsf\u00e4llan-sgt-20151-medlemspris\">Vapenlikhetsf\u00e4llan (SGT 2015:1, medlemspris) 195<\/a>. Porto tillkommer.<\/li>\n<\/ul>\n<\/div><\/div>\n<\/div><\/div>\n","protected":false},"excerpt":{"rendered":"<p>Svensk Genealogisk Tidskrift (SGT) \u00e4r en kvalificerad tidskrift f\u00f6r publicering av sl\u00e4ktforskningsresultat. Den inneh\u00e5ller artiklar i \u00e4mnen av intresse f\u00f6r s\u00e5v\u00e4l fritidssl\u00e4ktforskare som akademiska forskare inom de historiska \u00e4mnena. F\u00f6rutom rena sl\u00e4ktutredningar inneh\u00e5ller SGT \u00e4ven artiklar om arkivmaterial, om forna tiders sociala liv och levnadsvillkor och andra \u00e4mnen med relevans f\u00f6r sl\u00e4ktforskning. F\u00f6r f\u00f6rfattare SGT &#8230; <a title=\"Svensk Genealogisk Tidskrift (SGT)\" class=\"read-more\" href=\"https:\/\/www.genealogi.net\/nova\/sgt\/\" aria-label=\"L\u00e4s mer om Svensk Genealogisk Tidskrift (SGT)\">L\u00e4s mer<\/a><\/p>\n","protected":false},"author":2,"featured_media":0,"parent":0,"menu_order":0,"comment_status":"closed","ping_status":"closed","template":"","meta":{"footnotes":""},"class_list":["post-8163","page","type-page","status-publish"],"_links":{"self":[{"href":"https:\/\/www.genealogi.net\/nova\/wp-json\/wp\/v2\/pages\/8163","targetHints":{"allow":["GET"]}}],"collection":[{"href":"https:\/\/www.genealogi.net\/nova\/wp-json\/wp\/v2\/pages"}],"about":[{"href":"https:\/\/www.genealogi.net\/nova\/wp-json\/wp\/v2\/types\/page"}],"author":[{"embeddable":true,"href":"https:\/\/www.genealogi.net\/nova\/wp-json\/wp\/v2\/users\/2"}],"replies":[{"embeddable":true,"href":"https:\/\/www.genealogi.net\/nova\/wp-json\/wp\/v2\/comments?post=8163"}],"version-history":[{"count":5,"href":"https:\/\/www.genealogi.net\/nova\/wp-json\/wp\/v2\/pages\/8163\/revisions"}],"predecessor-version":[{"id":19319,"href":"https:\/\/www.genealogi.net\/nova\/wp-json\/wp\/v2\/pages\/8163\/revisions\/19319"}],"wp:attachment":[{"href":"https:\/\/www.genealogi.net\/nova\/wp-json\/wp\/v2\/media?parent=8163"}],"curies":[{"name":"wp","href":"https:\/\/api.w.org\/{rel}","templated":true}]}}