{"id":8410,"date":"2021-08-22T12:36:48","date_gmt":"2021-08-22T14:36:48","guid":{"rendered":"https:\/\/www.genealogi.net\/medlem\/?page_id=8410"},"modified":"2026-03-04T08:32:52","modified_gmt":"2026-03-04T07:32:52","slug":"supersok-2","status":"publish","type":"page","link":"https:\/\/www.genealogi.net\/nova\/databaser-register-inspelade-foredrag\/supersok-2\/","title":{"rendered":"Supers\u00f6k"},"content":{"rendered":"\n<p>S\u00f6kning sker i ett urval av Genealogiska F\u00f6reningens databaser <form method=\"GET\" name=\"Search-box\" action=\"\/nova\/wp-json\/wp\/v2\/pages\/8410\">\n  <input type=\"text\" value=\"\" name=\"search\">\n  <input type=\"submit\" value=\"S\u00f6k\" \/>\n  <input type=\"submit\" name=\"new_search\" value=\"Ny s\u00f6kning\" \/>\n<\/form> <\/p>\n\n\n\n<p>Dessa databaser ing\u00e5r i s\u00f6kningen:<\/p>\n\n\n\n<ul class=\"wp-block-list\">\n<li><em>Inrikes pass<\/em><\/li>\n\n\n\n<li><em>Personnotiser Svenska Dagbladet 1936-1990<\/em><\/li>\n\n\n\n<li><em>Personnotiser Dagens Nyheter 1967-1990<\/em><\/li>\n\n\n\n<li><em>Dalsl\u00e4nningen 1960-1999<\/em><\/li>\n\n\n\n<li><em>Genealogiska F\u00f6reningens databaser med personnotiser ur tidningarna:<\/em><br>&#8211; Post- och Inrikes Tidningar 1760-1860<br>&#8211; G\u00f6teborgs Nyheter 1765-1845<br>&#8211; Lunds Weckoblad 1775-1830<br>&#8211; Norrk\u00f6pings Tidningar 1758-1800<\/li>\n\n\n\n<li><em>Likpredikningar 1600-1800-tal<\/em><\/li>\n\n\n\n<li><em>Bouppteckningar \u00d6sterg\u00f6tland 1700-1800-tal<\/em><\/li>\n\n\n\n<li><em>Namnregistret till Sl\u00e4kt och H\u00e4vd och Svensk Genealogisk Tidskrift<\/em><\/li>\n\n\n\n<li><em>Flyktingar 1945\/1946<\/em><\/li>\n\n\n\n<li><em>Ogifta kvinnor myndiga 1858-1863<\/em><\/li>\n\n\n\n<li><em>Skolmatriklar<\/em><\/li>\n<\/ul>\n\n\n\n<p>F\u00f6ljande databaser ing\u00e5r inte i s\u00f6kningen:<\/p>\n","protected":false},"excerpt":{"rendered":"<p>S\u00f6kning sker i ett urval av Genealogiska F\u00f6reningens databaser Dessa databaser ing\u00e5r i s\u00f6kningen: F\u00f6ljande databaser ing\u00e5r inte i s\u00f6kningen:<\/p>\n","protected":false},"author":2,"featured_media":0,"parent":101,"menu_order":10,"comment_status":"closed","ping_status":"closed","template":"","meta":{"footnotes":""},"class_list":["post-8410","page","type-page","status-publish"],"_links":{"self":[{"href":"https:\/\/www.genealogi.net\/nova\/wp-json\/wp\/v2\/pages\/8410","targetHints":{"allow":["GET"]}}],"collection":[{"href":"https:\/\/www.genealogi.net\/nova\/wp-json\/wp\/v2\/pages"}],"about":[{"href":"https:\/\/www.genealogi.net\/nova\/wp-json\/wp\/v2\/types\/page"}],"author":[{"embeddable":true,"href":"https:\/\/www.genealogi.net\/nova\/wp-json\/wp\/v2\/users\/2"}],"replies":[{"embeddable":true,"href":"https:\/\/www.genealogi.net\/nova\/wp-json\/wp\/v2\/comments?post=8410"}],"version-history":[{"count":3,"href":"https:\/\/www.genealogi.net\/nova\/wp-json\/wp\/v2\/pages\/8410\/revisions"}],"predecessor-version":[{"id":18486,"href":"https:\/\/www.genealogi.net\/nova\/wp-json\/wp\/v2\/pages\/8410\/revisions\/18486"}],"up":[{"embeddable":true,"href":"https:\/\/www.genealogi.net\/nova\/wp-json\/wp\/v2\/pages\/101"}],"wp:attachment":[{"href":"https:\/\/www.genealogi.net\/nova\/wp-json\/wp\/v2\/media?parent=8410"}],"curies":[{"name":"wp","href":"https:\/\/api.w.org\/{rel}","templated":true}]}}